{"id":81033,"date":"2026-04-27T19:49:44","date_gmt":"2026-04-27T17:49:44","guid":{"rendered":"https:\/\/visitacostadamorte.com\/?post_type=contenido&#038;p=81033"},"modified":"2026-04-27T19:50:17","modified_gmt":"2026-04-27T17:50:17","slug":"fervenza-de-entrecruces-ou-de-san-paio","status":"publish","type":"contenido","link":"https:\/\/visitacostadamorte.com\/gl\/post\/fervenza-de-entrecruces-ou-de-san-paio","title":{"rendered":"Fervenza de Entrecruces ou de San Paio"},"content":{"rendered":"\n<p>A <strong>Fervenza de Entrecruces ou de San Paio<\/strong>, no concello de <strong>Carballo<\/strong>, \u00e9 un dos grandes espect\u00e1culos naturais de Berganti\u00f1os e unha parada imprescindible para quen queira descubrir a forza m\u00e1is salvaxe da Costa da Morte interior. Situada no lugar de <strong>San Paio<\/strong>, na parroquia de <strong>San Xens de Entrecruces<\/strong>, esta fervenza nace no curso do <strong>r\u00edo Out\u00f3n<\/strong>, que salva aqu\u00ed un desnivel duns <strong>40 metros de altura<\/strong> nunha ca\u00edda poderosa, sonora e envolta por unha frondosa vexetaci\u00f3n de ribeira.<\/p>\n\n\n\n<p>O acceso \u00e1 <strong>Fervenza de San Paio<\/strong> faise desde a contorna da capela de San Paio, onde se pode deixar o veh\u00edculo e iniciar un pequeno percorrido a p\u00e9 sinalizado, integrado no <strong>PR-G 142 Ruta das F\u00e9rvedas<\/strong>. O cami\u00f1o acompa\u00f1a o r\u00edo entre \u00e1rbores, sons de auga e antigos elementos da paisaxe tradicional, como os <strong>mu\u00ed\u00f1os de auga rehabilitados<\/strong> e os restos da antiga central hidroel\u00e9ctrica que, cara a 1915, levou a primeira electricidade \u00e1 vila de Carballo. Todo o paseo prepara ao visitante para o encontro final coa fervenza, que primeiro se anuncia co seu ru\u00eddo e logo aparece como unha sorpresa natural entre o bosque.<\/p>\n\n\n\n<p>A beleza da <strong>Fervenza de Entrecruces<\/strong> est\u00e1 tam\u00e9n na s\u00faa orixe xeol\u00f3xica, relacionada coa <strong>Depresi\u00f3n Meridiana<\/strong>, un conxunto de fallas que explica o forte desnivel entre a zona alta e o val. Nos meses de maior caudal, A F\u00e9rveda amosa a s\u00faa faciana m\u00e1is impresionante, cunha ca\u00edda intensa e chea de movemento; mais en calquera \u00e9poca conserva ese car\u00e1cter m\u00e1xico que converte este recuncho de San Paio nun lugar perfecto para cami\u00f1ar, respirar natureza e sentir a identidade m\u00e1is profunda de Carballo e da comarca de Berganti\u00f1os.<\/p>\n","protected":false},"excerpt":{"rendered":"<p>A Fervenza de Entrecruces ou de San Paio, no concello de Carballo, \u00e9 un dos grandes espect\u00e1culos naturais de Berganti\u00f1os e unha parada imprescindible para quen queira descubrir a forza m\u00e1is salvaxe da Costa da Morte interior. Situada no lugar de San Paio, na parroquia de San Xens de Entrecruces, esta fervenza nace no curso [&hellip;]<\/p>\n","protected":false},"featured_media":61925,"template":"","concellos-contenido":[331],"categorias-contenido":[258],"class_list":["post-81033","contenido","type-contenido","status-publish","has-post-thumbnail","hentry","concellos-contenido-carballo-gl","categorias-contenido-turismo-geologico-gl"],"_links":{"self":[{"href":"https:\/\/visitacostadamorte.com\/gl\/wp-json\/wp\/v2\/contenido\/81033","targetHints":{"allow":["GET"]}}],"collection":[{"href":"https:\/\/visitacostadamorte.com\/gl\/wp-json\/wp\/v2\/contenido"}],"about":[{"href":"https:\/\/visitacostadamorte.com\/gl\/wp-json\/wp\/v2\/types\/contenido"}],"wp:featuredmedia":[{"embeddable":true,"href":"https:\/\/visitacostadamorte.com\/gl\/wp-json\/wp\/v2\/media\/61925"}],"wp:attachment":[{"href":"https:\/\/visitacostadamorte.com\/gl\/wp-json\/wp\/v2\/media?parent=81033"}],"wp:term":[{"taxonomy":"concellos-contenido","embeddable":true,"href":"https:\/\/visitacostadamorte.com\/gl\/wp-json\/wp\/v2\/concellos-contenido?post=81033"},{"taxonomy":"categorias-contenido","embeddable":true,"href":"https:\/\/visitacostadamorte.com\/gl\/wp-json\/wp\/v2\/categorias-contenido?post=81033"}],"curies":[{"name":"wp","href":"https:\/\/api.w.org\/{rel}","templated":true}]}}

<p>A <strong>Fervenza de Entrecruces ou de San Paio</strong>, no concello de <strong>Carballo</strong>, é un dos grandes espectáculos naturais de Bergantiños e unha parada imprescindible para quen queira descubrir a forza máis salvaxe da Costa da Morte interior. Situada no lugar de <strong>San Paio</strong>, na parroquia de <strong>San Xens de Entrecruces</strong>, esta fervenza nace no curso do <strong>río Outón</strong>, que salva aquí un desnivel duns <strong>40 metros de altura</strong> nunha caída poderosa, sonora e envolta por unha frondosa vexetación de ribeira.</p>



<p>O acceso á <strong>Fervenza de San Paio</strong> faise desde a contorna da capela de San Paio, onde se pode deixar o vehículo e iniciar un pequeno percorrido a pé sinalizado, integrado no <strong>PR-G 142 Ruta das Férvedas</strong>. O camiño acompaña o río entre árbores, sons de auga e antigos elementos da paisaxe tradicional, como os <strong>muíños de auga rehabilitados</strong> e os restos da antiga central hidroeléctrica que, cara a 1915, levou a primeira electricidade á vila de Carballo. Todo o paseo prepara ao visitante para o encontro final coa fervenza, que primeiro se anuncia co seu ruído e logo aparece como unha sorpresa natural entre o bosque.</p>



<p>A beleza da <strong>Fervenza de Entrecruces</strong> está tamén na súa orixe xeolóxica, relacionada coa <strong>Depresión Meridiana</strong>, un conxunto de fallas que explica o forte desnivel entre a zona alta e o val. Nos meses de maior caudal, A Férveda amosa a súa faciana máis impresionante, cunha caída intensa e chea de movemento; mais en calquera época conserva ese carácter máxico que converte este recuncho de San Paio nun lugar perfecto para camiñar, respirar natureza e sentir a identidade máis profunda de Carballo e da comarca de Bergantiños.</p>

<p>A Fervenza de Entrecruces ou de San Paio, no concello de Carballo, é un dos grandes espectáculos naturais de Bergantiños e unha parada imprescindible para quen queira descubrir a forza máis salvaxe da Costa da Morte interior. Situada no lugar de San Paio, na parroquia de San Xens de Entrecruces, esta fervenza nace no curso [&hellip;]</p>
