{"id":68437,"date":"2025-06-09T07:33:50","date_gmt":"2025-06-09T05:33:50","guid":{"rendered":"https:\/\/visitacostadamorte.com\/post\/festa-dos-maiores-de-cee"},"modified":"2025-06-09T08:01:08","modified_gmt":"2025-06-09T06:01:08","slug":"festa-dos-maiores-de-cee","status":"publish","type":"contenido","link":"https:\/\/visitacostadamorte.com\/gl\/post\/festa-dos-maiores-de-cee","title":{"rendered":"Festa dos Maiores de Cee"},"content":{"rendered":"\n<p>Cada ano, entre os meses de setembro e outubro, o municipio de Cee celebra con orgullo a <strong>Festa dos maiores de Cee<\/strong>, unha das citas sociais m\u00e1is entra\u00f1ables e esperadas do calendario local. Este evento, pensado especialmente para render homenaxe \u00e1s persoas maiores, converteuse nunha tradici\u00f3n profundamente arraigada na Costa da Morte. <\/p>\n\n<p>Durante esta xornada, os veci\u00f1os de maior idade son o centro de atenci\u00f3n. Organ\u00edzanse actividades cheas de emoci\u00f3n e cercan\u00eda, como actuaci\u00f3ns musicais, sesi\u00f3ns de baile e, por suposto, unha gran comida comunitaria na que se serven receitas t\u00edpicas da gastronom\u00eda local. <\/p>\n\n<p>A <strong>Festa dos maiores de Cee<\/strong> non s\u00f3 celebra os que constru\u00edron o tecido social do municipio, sen\u00f3n que tam\u00e9n promove os lazos interxeracionais e o valor de compartir, convert\u00e9ndose nun exemplo de convivencia e respecto.<\/p>\n","protected":false},"excerpt":{"rendered":"<p>Cada ano, entre os meses de setembro e outubro, o municipio de Cee celebra con orgullo a Festa dos maiores de Cee, unha das citas sociais m\u00e1is entra\u00f1ables e esperadas do calendario local. Este evento, pensado especialmente para render homenaxe \u00e1s persoas maiores, converteuse nunha tradici\u00f3n profundamente arraigada na Costa da Morte. Durante esta xornada, [&hellip;]<\/p>\n","protected":false},"featured_media":40860,"template":"","concellos-contenido":[309],"categorias-contenido":[628],"class_list":["post-68437","contenido","type-contenido","status-publish","has-post-thumbnail","hentry","concellos-contenido-cee-gl","categorias-contenido-festas-gastronomicas"],"_links":{"self":[{"href":"https:\/\/visitacostadamorte.com\/gl\/wp-json\/wp\/v2\/contenido\/68437","targetHints":{"allow":["GET"]}}],"collection":[{"href":"https:\/\/visitacostadamorte.com\/gl\/wp-json\/wp\/v2\/contenido"}],"about":[{"href":"https:\/\/visitacostadamorte.com\/gl\/wp-json\/wp\/v2\/types\/contenido"}],"wp:featuredmedia":[{"embeddable":true,"href":"https:\/\/visitacostadamorte.com\/gl\/wp-json\/wp\/v2\/media\/40860"}],"wp:attachment":[{"href":"https:\/\/visitacostadamorte.com\/gl\/wp-json\/wp\/v2\/media?parent=68437"}],"wp:term":[{"taxonomy":"concellos-contenido","embeddable":true,"href":"https:\/\/visitacostadamorte.com\/gl\/wp-json\/wp\/v2\/concellos-contenido?post=68437"},{"taxonomy":"categorias-contenido","embeddable":true,"href":"https:\/\/visitacostadamorte.com\/gl\/wp-json\/wp\/v2\/categorias-contenido?post=68437"}],"curies":[{"name":"wp","href":"https:\/\/api.w.org\/{rel}","templated":true}]}}

<p>Cada ano, entre os meses de setembro e outubro, o municipio de Cee celebra con orgullo a <strong>Festa dos maiores de Cee</strong>, unha das citas sociais máis entrañables e esperadas do calendario local. Este evento, pensado especialmente para render homenaxe ás persoas maiores, converteuse nunha tradición profundamente arraigada na Costa da Morte. </p>

<p>Durante esta xornada, os veciños de maior idade son o centro de atención. Organízanse actividades cheas de emoción e cercanía, como actuacións musicais, sesións de baile e, por suposto, unha gran comida comunitaria na que se serven receitas típicas da gastronomía local. </p>

<p>A <strong>Festa dos maiores de Cee</strong> non só celebra os que construíron o tecido social do municipio, senón que tamén promove os lazos interxeracionais e o valor de compartir, converténdose nun exemplo de convivencia e respecto.</p>

<p>Cada ano, entre os meses de setembro e outubro, o municipio de Cee celebra con orgullo a Festa dos maiores de Cee, unha das citas sociais máis entrañables e esperadas do calendario local. Este evento, pensado especialmente para render homenaxe ás persoas maiores, converteuse nunha tradición profundamente arraigada na Costa da Morte. Durante esta xornada, [&hellip;]</p>
