{"id":63587,"date":"2024-05-23T11:07:10","date_gmt":"2024-05-23T09:07:10","guid":{"rendered":"https:\/\/great-goldberg.213-199-36-195.plesk.page\/post\/casa-de-eduardo-pondal"},"modified":"2024-09-17T19:57:20","modified_gmt":"2024-09-17T17:57:20","slug":"casa-de-eduardo-pondal","status":"publish","type":"contenido","link":"https:\/\/visitacostadamorte.com\/gl\/post\/casa-de-eduardo-pondal","title":{"rendered":"Casa de Eduardo Pondal"},"content":{"rendered":"\n<p>A casa natal de Pondal foi constru\u00edda polo seu pai en 1820, cos aforros que xuntou na emigraci\u00f3n arxentina.\nO baixo da casa serviu noutros tempos de almac\u00e9n de sal.\nEnfronte ti\u00f1a un porto de amarre de lanchas veleras que transportaban alfarer\u00eda de Bu\u00f1o, madeira de Berganti\u00f1os, area da ensenada da Insua e tella das R\u00edas Baixas.  <\/p>\n\n<p>Eduardo Pondal, nacido en 1835 no seo dunha familia de rango, foi, xunto a Curros Enr\u00edquez e Rosal\u00eda de Castro, un dos art\u00edfices do &#8220;Rexurdimento&#8221; da literatura galega e o principal responsable da creaci\u00f3n do mito celta en Galicia.\nPondal forxou unha lingua literaria culta coa que ensalzou a natureza e a paisaxe agreste das terras de Berganti\u00f1os e do Xallas, sempre presentes na s\u00faa obra. <\/p>\n\n<ul class=\"wp-block-list\">\n<li><a href=\"http:\/\/www.culturagalega.org\/roteiros\/detalleextra.php?id=6&amp;cod_rtro=7&amp;cod_obx=44\" target=\"_blank\" rel=\"noopener\"><\/a><a href=\"http:\/\/www.culturagalega.org\/roteiros\/detalleextra.php?id=6&amp;cod_rtro=7&amp;cod_obx=44\">casa natal de Pondal, cultura galega<\/a><\/li>\n\n\n\n<li><a href=\"http:\/\/www.ponteceso.net\/ca\/turismo\/index.php?mod=int&amp;tip=2&amp;lug=15\" target=\"_blank\" rel=\"noopener\"><\/a><a href=\"http:\/\/www.ponteceso.net\/ca\/turismo\/index.php?mod=int&amp;tip=2&amp;lug=15\">concello de ponteceso<\/a><\/li>\n<\/ul>\n","protected":false},"excerpt":{"rendered":"<p>A casa natal de Pondal foi constru\u00edda polo seu pai en 1820, cos aforros que xuntou na emigraci\u00f3n arxentina. O baixo da casa serviu noutros tempos de almac\u00e9n de sal. Enfronte ti\u00f1a un porto de amarre de lanchas veleras que transportaban alfarer\u00eda de Bu\u00f1o, madeira de Berganti\u00f1os, area da ensenada da Insua e tella das [&hellip;]<\/p>\n","protected":false},"featured_media":14028,"template":"","concellos-contenido":[301],"categorias-contenido":[246],"class_list":["post-63587","contenido","type-contenido","status-publish","has-post-thumbnail","hentry","concellos-contenido-ponteceso-gl","categorias-contenido-arquitectura-civil-gl"],"_links":{"self":[{"href":"https:\/\/visitacostadamorte.com\/gl\/wp-json\/wp\/v2\/contenido\/63587","targetHints":{"allow":["GET"]}}],"collection":[{"href":"https:\/\/visitacostadamorte.com\/gl\/wp-json\/wp\/v2\/contenido"}],"about":[{"href":"https:\/\/visitacostadamorte.com\/gl\/wp-json\/wp\/v2\/types\/contenido"}],"wp:featuredmedia":[{"embeddable":true,"href":"https:\/\/visitacostadamorte.com\/gl\/wp-json\/wp\/v2\/media\/14028"}],"wp:attachment":[{"href":"https:\/\/visitacostadamorte.com\/gl\/wp-json\/wp\/v2\/media?parent=63587"}],"wp:term":[{"taxonomy":"concellos-contenido","embeddable":true,"href":"https:\/\/visitacostadamorte.com\/gl\/wp-json\/wp\/v2\/concellos-contenido?post=63587"},{"taxonomy":"categorias-contenido","embeddable":true,"href":"https:\/\/visitacostadamorte.com\/gl\/wp-json\/wp\/v2\/categorias-contenido?post=63587"}],"curies":[{"name":"wp","href":"https:\/\/api.w.org\/{rel}","templated":true}]}}

<p>A casa natal de Pondal foi construída polo seu pai en 1820, cos aforros que xuntou na emigración arxentina.
O baixo da casa serviu noutros tempos de almacén de sal.
Enfronte tiña un porto de amarre de lanchas veleras que transportaban alfarería de Buño, madeira de Bergantiños, area da ensenada da Insua e tella das Rías Baixas.  </p>

<p>Eduardo Pondal, nacido en 1835 no seo dunha familia de rango, foi, xunto a Curros Enríquez e Rosalía de Castro, un dos artífices do &#8220;Rexurdimento&#8221; da literatura galega e o principal responsable da creación do mito celta en Galicia.
Pondal forxou unha lingua literaria culta coa que ensalzou a natureza e a paisaxe agreste das terras de Bergantiños e do Xallas, sempre presentes na súa obra. </p>

<ul class="wp-block-list">
<li><a href="http://www.culturagalega.org/roteiros/detalleextra.php?id=6&amp;cod_rtro=7&amp;cod_obx=44" target="_blank" rel="noopener"></a><a href="http://www.culturagalega.org/roteiros/detalleextra.php?id=6&amp;cod_rtro=7&amp;cod_obx=44">casa natal de Pondal, cultura galega</a></li>



<li><a href="http://www.ponteceso.net/ca/turismo/index.php?mod=int&amp;tip=2&amp;lug=15" target="_blank" rel="noopener"></a><a href="http://www.ponteceso.net/ca/turismo/index.php?mod=int&amp;tip=2&amp;lug=15">concello de ponteceso</a></li>
</ul>

<p>A casa natal de Pondal foi construída polo seu pai en 1820, cos aforros que xuntou na emigración arxentina. O baixo da casa serviu noutros tempos de almacén de sal. Enfronte tiña un porto de amarre de lanchas veleras que transportaban alfarería de Buño, madeira de Bergantiños, area da ensenada da Insua e tella das [&hellip;]</p>
