{"id":63586,"date":"2024-05-23T11:07:10","date_gmt":"2024-05-23T09:07:10","guid":{"rendered":"https:\/\/great-goldberg.213-199-36-195.plesk.page\/post\/faro-de-laxe"},"modified":"2024-09-17T19:57:20","modified_gmt":"2024-09-17T17:57:20","slug":"faro-de-laxe","status":"publish","type":"contenido","link":"https:\/\/visitacostadamorte.com\/gl\/post\/faro-de-laxe","title":{"rendered":"Faro de Laxe"},"content":{"rendered":"\n<p>Esta construci\u00f3n de 11 metros de altura, est\u00e1 situada na punta \u00cdnsua do cabo Laxe, sobre unha loma duns 50 metros sobre o nivel do mar, que defende a vila e o porto dos ventos dominantes, nun espazo natural privilexiado.<\/p>\n\n<p>A instalaci\u00f3n luminosa actual data do ano 1996 e as s\u00faas caracter\u00edsticas corresp\u00f3ndense coas dunha Baliza Xiratoria Acr\u00edlica, dotada de l\u00e1mpadas de incandescencia conectadas \u00e1 rede el\u00e9ctrica.\nA s\u00faa aparencia luminosa corresp\u00f3ndese coa de grupo de 5 destellos en 20 segundos. <\/p>\n\n<p>En augas pr\u00f3ximas naufragou a Praia de Arnela en 1972, un barco de Corme que en arribada ao seu porto a mar o arrastrou ata as pedras e rompentes da Punta da Insua, salv\u00e1ndose s\u00f3 dous tripulantes.<\/p>\n\n<p>O top\u00f3nimo &#8220;A Costa da Morte&#8221;, define unha ampla zona de Galicia entre as r\u00edas de Muros e Noia e a da Coru\u00f1a.\nEste curioso top\u00f3nimo, segundo alg\u00fans estudosos, poder\u00eda ter sido acu\u00f1ado polos gregos para definir a rexi\u00f3n onde o Sol desaparec\u00eda a diario no mar e se atopase no pa\u00eds dos mortos ata a ma\u00f1\u00e1 seguinte. <\/p>\n","protected":false},"excerpt":{"rendered":"<p>Esta construci\u00f3n de 11 metros de altura, est\u00e1 situada na punta \u00cdnsua do cabo Laxe, sobre unha loma duns 50 metros sobre o nivel do mar, que defende a vila e o porto dos ventos dominantes, nun espazo natural privilexiado. A instalaci\u00f3n luminosa actual data do ano 1996 e as s\u00faas caracter\u00edsticas corresp\u00f3ndense coas dunha [&hellip;]<\/p>\n","protected":false},"featured_media":13455,"template":"","concellos-contenido":[303],"categorias-contenido":[250],"class_list":["post-63586","contenido","type-contenido","status-publish","has-post-thumbnail","hentry","concellos-contenido-laxe-gl","categorias-contenido-faros-gl"],"_links":{"self":[{"href":"https:\/\/visitacostadamorte.com\/gl\/wp-json\/wp\/v2\/contenido\/63586","targetHints":{"allow":["GET"]}}],"collection":[{"href":"https:\/\/visitacostadamorte.com\/gl\/wp-json\/wp\/v2\/contenido"}],"about":[{"href":"https:\/\/visitacostadamorte.com\/gl\/wp-json\/wp\/v2\/types\/contenido"}],"wp:featuredmedia":[{"embeddable":true,"href":"https:\/\/visitacostadamorte.com\/gl\/wp-json\/wp\/v2\/media\/13455"}],"wp:attachment":[{"href":"https:\/\/visitacostadamorte.com\/gl\/wp-json\/wp\/v2\/media?parent=63586"}],"wp:term":[{"taxonomy":"concellos-contenido","embeddable":true,"href":"https:\/\/visitacostadamorte.com\/gl\/wp-json\/wp\/v2\/concellos-contenido?post=63586"},{"taxonomy":"categorias-contenido","embeddable":true,"href":"https:\/\/visitacostadamorte.com\/gl\/wp-json\/wp\/v2\/categorias-contenido?post=63586"}],"curies":[{"name":"wp","href":"https:\/\/api.w.org\/{rel}","templated":true}]}}

<p>Esta construción de 11 metros de altura, está situada na punta Ínsua do cabo Laxe, sobre unha loma duns 50 metros sobre o nivel do mar, que defende a vila e o porto dos ventos dominantes, nun espazo natural privilexiado.</p>

<p>A instalación luminosa actual data do ano 1996 e as súas características correspóndense coas dunha Baliza Xiratoria Acrílica, dotada de lámpadas de incandescencia conectadas á rede eléctrica.
A súa aparencia luminosa correspóndese coa de grupo de 5 destellos en 20 segundos. </p>

<p>En augas próximas naufragou a Praia de Arnela en 1972, un barco de Corme que en arribada ao seu porto a mar o arrastrou ata as pedras e rompentes da Punta da Insua, salvándose só dous tripulantes.</p>

<p>O topónimo &#8220;A Costa da Morte&#8221;, define unha ampla zona de Galicia entre as rías de Muros e Noia e a da Coruña.
Este curioso topónimo, segundo algúns estudosos, podería ter sido acuñado polos gregos para definir a rexión onde o Sol desaparecía a diario no mar e se atopase no país dos mortos ata a mañá seguinte. </p>

<p>Esta construción de 11 metros de altura, está situada na punta Ínsua do cabo Laxe, sobre unha loma duns 50 metros sobre o nivel do mar, que defende a vila e o porto dos ventos dominantes, nun espazo natural privilexiado. A instalación luminosa actual data do ano 1996 e as súas características correspóndense coas dunha [&hellip;]</p>
