{"id":63569,"date":"2024-05-23T11:07:10","date_gmt":"2024-05-23T09:07:10","guid":{"rendered":"https:\/\/great-goldberg.213-199-36-195.plesk.page\/post\/conjunto-historico-artistico-de-corcubion"},"modified":"2025-10-31T21:01:51","modified_gmt":"2025-10-31T20:01:51","slug":"conjunto-historico-artistico-de-corcubion","status":"publish","type":"contenido","link":"https:\/\/visitacostadamorte.com\/gl\/post\/conjunto-historico-artistico-de-corcubion","title":{"rendered":"Conxunto hist\u00f3rico art\u00edstico de Corcubi\u00f3n"},"content":{"rendered":"\n<p>O municipio de Corcubi\u00f3n est\u00e1 situado no extremo oeste da provincia da Coru\u00f1a (Galicia), na m\u00e1is alta das R\u00edas Baixas e formando parte da chamada Costa da Morte.<\/p>\n\n<p>A R\u00eda de Corcubi\u00f3n, na que se localiza o m\u00edtico cabo de Fisterra, a m\u00e1is alta das R\u00edas Baixas, pos\u00fae as caracter\u00edsticas destas e anuncia as propias da costa m\u00e1is ao norte.\nAs\u00ed, esta terra de transici\u00f3n conxuga en perfecta harmon\u00eda o sospeito e a calma das R\u00edas Baixas e a bravura e a natureza viva caracter\u00edsticas da Costa da Morte. <\/p>\n","protected":false},"excerpt":{"rendered":"<p>O municipio de Corcubi\u00f3n est\u00e1 situado no extremo oeste da provincia da Coru\u00f1a (Galicia), na m\u00e1is alta das R\u00edas Baixas e formando parte da chamada Costa da Morte. A R\u00eda de Corcubi\u00f3n, na que se localiza o m\u00edtico cabo de Fisterra, a m\u00e1is alta das R\u00edas Baixas, pos\u00fae as caracter\u00edsticas destas e anuncia as propias [&hellip;]<\/p>\n","protected":false},"featured_media":14049,"template":"","concellos-contenido":[325],"categorias-contenido":[246],"class_list":["post-63569","contenido","type-contenido","status-publish","has-post-thumbnail","hentry","concellos-contenido-corcubion-gl","categorias-contenido-arquitectura-civil-gl"],"_links":{"self":[{"href":"https:\/\/visitacostadamorte.com\/gl\/wp-json\/wp\/v2\/contenido\/63569","targetHints":{"allow":["GET"]}}],"collection":[{"href":"https:\/\/visitacostadamorte.com\/gl\/wp-json\/wp\/v2\/contenido"}],"about":[{"href":"https:\/\/visitacostadamorte.com\/gl\/wp-json\/wp\/v2\/types\/contenido"}],"wp:featuredmedia":[{"embeddable":true,"href":"https:\/\/visitacostadamorte.com\/gl\/wp-json\/wp\/v2\/media\/14049"}],"wp:attachment":[{"href":"https:\/\/visitacostadamorte.com\/gl\/wp-json\/wp\/v2\/media?parent=63569"}],"wp:term":[{"taxonomy":"concellos-contenido","embeddable":true,"href":"https:\/\/visitacostadamorte.com\/gl\/wp-json\/wp\/v2\/concellos-contenido?post=63569"},{"taxonomy":"categorias-contenido","embeddable":true,"href":"https:\/\/visitacostadamorte.com\/gl\/wp-json\/wp\/v2\/categorias-contenido?post=63569"}],"curies":[{"name":"wp","href":"https:\/\/api.w.org\/{rel}","templated":true}]}}

Conxunto histórico artístico de Corcubión

<p>O municipio de Corcubión está situado no extremo oeste da provincia da Coruña (Galicia), na máis alta das Rías Baixas e formando parte da chamada Costa da Morte.</p>

<p>A Ría de Corcubión, na que se localiza o mítico cabo de Fisterra, a máis alta das Rías Baixas, posúe as características destas e anuncia as propias da costa máis ao norte.
Así, esta terra de transición conxuga en perfecta harmonía o sospeito e a calma das Rías Baixas e a bravura e a natureza viva características da Costa da Morte. </p>

<p>O municipio de Corcubión está situado no extremo oeste da provincia da Coruña (Galicia), na máis alta das Rías Baixas e formando parte da chamada Costa da Morte. A Ría de Corcubión, na que se localiza o mítico cabo de Fisterra, a máis alta das Rías Baixas, posúe as características destas e anuncia as propias [&hellip;]</p>
