{"id":63556,"date":"2024-05-23T11:06:54","date_gmt":"2024-05-23T09:06:54","guid":{"rendered":"https:\/\/great-goldberg.213-199-36-195.plesk.page\/post\/iglesia-de-san-fins-de-anllons"},"modified":"2024-10-02T08:39:57","modified_gmt":"2024-10-02T06:39:57","slug":"igrexa-de-san-fins-de-anllons","status":"publish","type":"contenido","link":"https:\/\/visitacostadamorte.com\/gl\/post\/igrexa-de-san-fins-de-anllons","title":{"rendered":"Igrexa de San Fins de Anll\u00f3ns"},"content":{"rendered":"\n<p>A igrexa de San Fins de Anll\u00f3ns \u00e9 de estilo barroco, a\u00ednda que a s\u00faa orixe \u00e9 rom\u00e1nico. Da s\u00faa primitiva construci\u00f3n conserva o seu sinxelo p\u00f3rtico con capiteis corintios, os canecillos que sobresaen do aleiro lateral, o pavimento do atrio e o presbiterio que cont\u00e9n un retablo barroco. Tam\u00e9n \u00e9 barroca a espada\u00f1a que acolle as famosas campa\u00f1as de Anll\u00f3ns.  <\/p>\n\n<p>Eduardo Pondal, o poeta de Berganti\u00f1os, refer\u00edase a estas campa\u00f1as no seu poema m\u00e1is co\u00f1ecido &#8220;A Campana d \u0301Anll\u00f3ns&#8221; publicado en galego en 1862, un poema que suspira pola patria perdida.<\/p>\n\n<p>&#8220;Campana, si polo ver\u00e1n<br\/>ves lumiar na Ponteceso<br\/>a cachela de San Xoan<br\/>dille a todos que estou preso <br\/>nos calabozos de Or\u00e1n&#8221;<\/p>\n","protected":false},"excerpt":{"rendered":"<p>A igrexa de San Fins de Anll\u00f3ns \u00e9 de estilo barroco, a\u00ednda que a s\u00faa orixe \u00e9 rom\u00e1nico. Da s\u00faa primitiva construci\u00f3n conserva o seu sinxelo p\u00f3rtico con capiteis corintios, os canecillos que sobresaen do aleiro lateral, o pavimento do atrio e o presbiterio que cont\u00e9n un retablo barroco. Tam\u00e9n \u00e9 barroca a espada\u00f1a que [&hellip;]<\/p>\n","protected":false},"featured_media":13351,"template":"","concellos-contenido":[301],"categorias-contenido":[249],"class_list":["post-63556","contenido","type-contenido","status-publish","has-post-thumbnail","hentry","concellos-contenido-ponteceso-gl","categorias-contenido-arquitectura-religiosa-gl"],"_links":{"self":[{"href":"https:\/\/visitacostadamorte.com\/gl\/wp-json\/wp\/v2\/contenido\/63556","targetHints":{"allow":["GET"]}}],"collection":[{"href":"https:\/\/visitacostadamorte.com\/gl\/wp-json\/wp\/v2\/contenido"}],"about":[{"href":"https:\/\/visitacostadamorte.com\/gl\/wp-json\/wp\/v2\/types\/contenido"}],"wp:featuredmedia":[{"embeddable":true,"href":"https:\/\/visitacostadamorte.com\/gl\/wp-json\/wp\/v2\/media\/13351"}],"wp:attachment":[{"href":"https:\/\/visitacostadamorte.com\/gl\/wp-json\/wp\/v2\/media?parent=63556"}],"wp:term":[{"taxonomy":"concellos-contenido","embeddable":true,"href":"https:\/\/visitacostadamorte.com\/gl\/wp-json\/wp\/v2\/concellos-contenido?post=63556"},{"taxonomy":"categorias-contenido","embeddable":true,"href":"https:\/\/visitacostadamorte.com\/gl\/wp-json\/wp\/v2\/categorias-contenido?post=63556"}],"curies":[{"name":"wp","href":"https:\/\/api.w.org\/{rel}","templated":true}]}}

Igrexa de San Fins de Anllóns

<p>A igrexa de San Fins de Anllóns é de estilo barroco, aínda que a súa orixe é románico. Da súa primitiva construción conserva o seu sinxelo pórtico con capiteis corintios, os canecillos que sobresaen do aleiro lateral, o pavimento do atrio e o presbiterio que contén un retablo barroco. Tamén é barroca a espadaña que acolle as famosas campañas de Anllóns.  </p>

<p>Eduardo Pondal, o poeta de Bergantiños, referíase a estas campañas no seu poema máis coñecido &#8220;A Campana d ́Anllóns&#8221; publicado en galego en 1862, un poema que suspira pola patria perdida.</p>

<p>&#8220;Campana, si polo verán<br/>ves lumiar na Ponteceso<br/>a cachela de San Xoan<br/>dille a todos que estou preso <br/>nos calabozos de Orán&#8221;</p>

<p>A igrexa de San Fins de Anllóns é de estilo barroco, aínda que a súa orixe é románico. Da súa primitiva construción conserva o seu sinxelo pórtico con capiteis corintios, os canecillos que sobresaen do aleiro lateral, o pavimento do atrio e o presbiterio que contén un retablo barroco. Tamén é barroca a espadaña que [&hellip;]</p>
