{"id":63547,"date":"2024-05-23T11:06:54","date_gmt":"2024-05-23T09:06:54","guid":{"rendered":"https:\/\/great-goldberg.213-199-36-195.plesk.page\/post\/iglesia-de-santiago-de-traba"},"modified":"2024-09-17T19:56:22","modified_gmt":"2024-09-17T17:56:22","slug":"iglesia-de-santiago-de-traba","status":"publish","type":"contenido","link":"https:\/\/visitacostadamorte.com\/gl\/post\/iglesia-de-santiago-de-traba","title":{"rendered":"Igrexa de Santiago de Traba"},"content":{"rendered":"\n<p>A igrexa parroquial de Traba at\u00f3pase nun lugar solitario, sen casas ao seu arredor, orientada da mesma forma que as das demais parroquias: cabeceira cara \u00f3 leste, e fachada cara \u00f3 oeste.\nA \u00e1bsida e a nave foron levantadas no primeiro terzo do s\u00e9culo XIII, a\u00ednda que a cubrici\u00f3n da segunda cambiouse en 1940 por unha b\u00f3veda de ladrillo e cemento.\nA base estrutural do templo \u00e9 rom\u00e1nica, apreciable nos muros, na b\u00f3veda da \u00e1bsida e en elementos externos tipicamente romanicos.  <\/p>\n\n<p>A fachada principal sufriu en 1716 a \u00faltima reforma, cre\u00e9ndose deste ano a realizaci\u00f3n do retablo p\u00e9treo que abrangue toda a s\u00faa parte central.<\/p>\n","protected":false},"excerpt":{"rendered":"<p>A igrexa parroquial de Traba at\u00f3pase nun lugar solitario, sen casas ao seu arredor, orientada da mesma forma que as das demais parroquias: cabeceira cara \u00f3 leste, e fachada cara \u00f3 oeste. A \u00e1bsida e a nave foron levantadas no primeiro terzo do s\u00e9culo XIII, a\u00ednda que a cubrici\u00f3n da segunda cambiouse en 1940 por [&hellip;]<\/p>\n","protected":false},"featured_media":13379,"template":"","concellos-contenido":[303],"categorias-contenido":[249],"class_list":["post-63547","contenido","type-contenido","status-publish","has-post-thumbnail","hentry","concellos-contenido-laxe-gl","categorias-contenido-arquitectura-religiosa-gl"],"_links":{"self":[{"href":"https:\/\/visitacostadamorte.com\/gl\/wp-json\/wp\/v2\/contenido\/63547","targetHints":{"allow":["GET"]}}],"collection":[{"href":"https:\/\/visitacostadamorte.com\/gl\/wp-json\/wp\/v2\/contenido"}],"about":[{"href":"https:\/\/visitacostadamorte.com\/gl\/wp-json\/wp\/v2\/types\/contenido"}],"wp:featuredmedia":[{"embeddable":true,"href":"https:\/\/visitacostadamorte.com\/gl\/wp-json\/wp\/v2\/media\/13379"}],"wp:attachment":[{"href":"https:\/\/visitacostadamorte.com\/gl\/wp-json\/wp\/v2\/media?parent=63547"}],"wp:term":[{"taxonomy":"concellos-contenido","embeddable":true,"href":"https:\/\/visitacostadamorte.com\/gl\/wp-json\/wp\/v2\/concellos-contenido?post=63547"},{"taxonomy":"categorias-contenido","embeddable":true,"href":"https:\/\/visitacostadamorte.com\/gl\/wp-json\/wp\/v2\/categorias-contenido?post=63547"}],"curies":[{"name":"wp","href":"https:\/\/api.w.org\/{rel}","templated":true}]}}

<p>A igrexa parroquial de Traba atópase nun lugar solitario, sen casas ao seu arredor, orientada da mesma forma que as das demais parroquias: cabeceira cara ó leste, e fachada cara ó oeste.
A ábsida e a nave foron levantadas no primeiro terzo do século XIII, aínda que a cubrición da segunda cambiouse en 1940 por unha bóveda de ladrillo e cemento.
A base estrutural do templo é románica, apreciable nos muros, na bóveda da ábsida e en elementos externos tipicamente romanicos.  </p>

<p>A fachada principal sufriu en 1716 a última reforma, creéndose deste ano a realización do retablo pétreo que abrangue toda a súa parte central.</p>

<p>A igrexa parroquial de Traba atópase nun lugar solitario, sen casas ao seu arredor, orientada da mesma forma que as das demais parroquias: cabeceira cara ó leste, e fachada cara ó oeste. A ábsida e a nave foron levantadas no primeiro terzo do século XIII, aínda que a cubrición da segunda cambiouse en 1940 por [&hellip;]</p>
