{"id":63544,"date":"2024-05-23T11:06:54","date_gmt":"2024-05-23T09:06:54","guid":{"rendered":"https:\/\/great-goldberg.213-199-36-195.plesk.page\/post\/iglesia-de-san-marcos"},"modified":"2025-11-20T22:02:32","modified_gmt":"2025-11-20T21:02:32","slug":"igrexa-de-san-marcos","status":"publish","type":"contenido","link":"https:\/\/visitacostadamorte.com\/gl\/post\/igrexa-de-san-marcos","title":{"rendered":"Igrexa de San Marcos"},"content":{"rendered":"\n<p>Esta igrexa est\u00e1 declarada &#8220;Ben de Interese Cultural&#8221;. Conserva este templo restos rom\u00e1nicos na capela maior, as\u00ed como nos seus canecillos. A maior\u00eda da construci\u00f3n pertence \u00e1 \u00e9poca g\u00f3tica, que desde comezos do s\u00e9culo XIV foi constru\u00edndo en varias etapas.  <\/p>\n\n<p>A principios do s\u00e9culo XVIII eng\u00e1dense a capela do Socorro e a do Carme. Cando os franceses saquearon a vila, un incendio arrasou todo o interior da igrexa. Ao longo do s\u00e9culo XIX a torre do campanario viuse afectada en tres ocasi\u00f3ns por diversos raios; delas, o m\u00e1is grave produciuse en 1885, coincidindo coa festividade de San Jos\u00e9, que ocasionou tres mortos e m\u00e1is de 60 feridos. Ademais da torre, afectou \u00e1 fachada e ao tellado. Sobre a orixe de San Marcos da Cadeira, que se conserva no seu interior, hai varias versi\u00f3ns diferentes.    <\/p>\n\n<p>A igrexa organ\u00edzase nunha planta de sal\u00f3n rectangular, de nave \u00fanica, e unha capela maior rectangular. A nave div\u00eddese en catro tramos mediante tres arcos apuntados con aristas. Os arcos repousan en semicolumnas, rematadas en capiteis decorados con follas tama\u00f1os esquematicamente. A nave leva unha cuberta de madeira a d\u00faas augas. A Capela Maior c\u00f3brese con b\u00f3veda cupuliforme (de influxo bizantino) que vai sobre nervios diagonais volteados sobre columnas acodilladas.    <\/p>\n","protected":false},"excerpt":{"rendered":"<p>Esta igrexa est\u00e1 declarada &#8220;Ben de Interese Cultural&#8221;. Conserva este templo restos rom\u00e1nicos na capela maior, as\u00ed como nos seus canecillos. A maior\u00eda da construci\u00f3n pertence \u00e1 \u00e9poca g\u00f3tica, que desde comezos do s\u00e9culo XIV foi constru\u00edndo en varias etapas. A principios do s\u00e9culo XVIII eng\u00e1dense a capela do Socorro e a do Carme. Cando [&hellip;]<\/p>\n","protected":false},"featured_media":74761,"template":"","concellos-contenido":[325],"categorias-contenido":[249],"class_list":["post-63544","contenido","type-contenido","status-publish","has-post-thumbnail","hentry","concellos-contenido-corcubion-gl","categorias-contenido-arquitectura-religiosa-gl"],"_links":{"self":[{"href":"https:\/\/visitacostadamorte.com\/gl\/wp-json\/wp\/v2\/contenido\/63544","targetHints":{"allow":["GET"]}}],"collection":[{"href":"https:\/\/visitacostadamorte.com\/gl\/wp-json\/wp\/v2\/contenido"}],"about":[{"href":"https:\/\/visitacostadamorte.com\/gl\/wp-json\/wp\/v2\/types\/contenido"}],"wp:featuredmedia":[{"embeddable":true,"href":"https:\/\/visitacostadamorte.com\/gl\/wp-json\/wp\/v2\/media\/74761"}],"wp:attachment":[{"href":"https:\/\/visitacostadamorte.com\/gl\/wp-json\/wp\/v2\/media?parent=63544"}],"wp:term":[{"taxonomy":"concellos-contenido","embeddable":true,"href":"https:\/\/visitacostadamorte.com\/gl\/wp-json\/wp\/v2\/concellos-contenido?post=63544"},{"taxonomy":"categorias-contenido","embeddable":true,"href":"https:\/\/visitacostadamorte.com\/gl\/wp-json\/wp\/v2\/categorias-contenido?post=63544"}],"curies":[{"name":"wp","href":"https:\/\/api.w.org\/{rel}","templated":true}]}}

<p>Esta igrexa está declarada &#8220;Ben de Interese Cultural&#8221;. Conserva este templo restos románicos na capela maior, así como nos seus canecillos. A maioría da construción pertence á época gótica, que desde comezos do século XIV foi construíndo en varias etapas.  </p>

<p>A principios do século XVIII engádense a capela do Socorro e a do Carme. Cando os franceses saquearon a vila, un incendio arrasou todo o interior da igrexa. Ao longo do século XIX a torre do campanario viuse afectada en tres ocasións por diversos raios; delas, o máis grave produciuse en 1885, coincidindo coa festividade de San José, que ocasionou tres mortos e máis de 60 feridos. Ademais da torre, afectou á fachada e ao tellado. Sobre a orixe de San Marcos da Cadeira, que se conserva no seu interior, hai varias versións diferentes.    </p>

<p>A igrexa organízase nunha planta de salón rectangular, de nave única, e unha capela maior rectangular. A nave divídese en catro tramos mediante tres arcos apuntados con aristas. Os arcos repousan en semicolumnas, rematadas en capiteis decorados con follas tamaños esquematicamente. A nave leva unha cuberta de madeira a dúas augas. A Capela Maior cóbrese con bóveda cupuliforme (de influxo bizantino) que vai sobre nervios diagonais volteados sobre columnas acodilladas.    </p>

<p>Esta igrexa está declarada &#8220;Ben de Interese Cultural&#8221;. Conserva este templo restos románicos na capela maior, así como nos seus canecillos. A maioría da construción pertence á época gótica, que desde comezos do século XIV foi construíndo en varias etapas. A principios do século XVIII engádense a capela do Socorro e a do Carme. Cando [&hellip;]</p>
