{"id":63461,"date":"2024-05-23T11:06:31","date_gmt":"2024-05-23T09:06:31","guid":{"rendered":"https:\/\/great-goldberg.213-199-36-195.plesk.page\/post\/faro-islas-lobeira"},"modified":"2024-09-17T19:53:20","modified_gmt":"2024-09-17T17:53:20","slug":"faro-islas-lobeira","status":"publish","type":"contenido","link":"https:\/\/visitacostadamorte.com\/gl\/post\/faro-islas-lobeira","title":{"rendered":"Faro Islas Lobeira"},"content":{"rendered":"\n<p>As Illas Lobeira son dous pequenos arquip\u00e9lagos que reciben o nome de Lobeira Grande e Lobeira Chica ou Pequena.\nEst\u00e1n situados en plena r\u00eda de Corcubi\u00f3n, en fronte da costa de Carnota. <\/p>\n\n<p>A orixe do nome destas illas non est\u00e1 moi claro.\nPor unha parte cr\u00e9e que en \u00e9pocas anteriores estivesen habitadas por lobos mari\u00f1eiros.\nMentres que por outra parte, os mari\u00f1eiros consideraban estas illas un perigo para a navegaci\u00f3n, esperaban escondidas como un lobo a que un barco chocase contra elas.  <\/p>\n\n<p>Estas illas foron escenario dun sinf\u00edn de naufraxios, entre eles o de dous mercantes gregos, o Polymia en 1904 e anos antes, no mesmo sitio, o Skuld en 1901.\nA chamada Lobeira Grande, na cal se conserva o faro automatizado, estivo habitada por fareiros.\nO primeiro faro data do 1906, sendo un faro de 4\u00aa orde.\nO edificio inclu\u00eda a vivenda do fareiro, un almac\u00e9n de alimentos e mercador\u00edas e unha oficina para o enxe\u00f1eiro do faro.   <\/p>\n","protected":false},"excerpt":{"rendered":"<p>As Illas Lobeira son dous pequenos arquip\u00e9lagos que reciben o nome de Lobeira Grande e Lobeira Chica ou Pequena. Est\u00e1n situados en plena r\u00eda de Corcubi\u00f3n, en fronte da costa de Carnota. A orixe do nome destas illas non est\u00e1 moi claro. Por unha parte cr\u00e9e que en \u00e9pocas anteriores estivesen habitadas por lobos mari\u00f1eiros. [&hellip;]<\/p>\n","protected":false},"featured_media":13231,"template":"","concellos-contenido":[325],"categorias-contenido":[250],"class_list":["post-63461","contenido","type-contenido","status-publish","has-post-thumbnail","hentry","concellos-contenido-corcubion-gl","categorias-contenido-faros-gl"],"_links":{"self":[{"href":"https:\/\/visitacostadamorte.com\/gl\/wp-json\/wp\/v2\/contenido\/63461","targetHints":{"allow":["GET"]}}],"collection":[{"href":"https:\/\/visitacostadamorte.com\/gl\/wp-json\/wp\/v2\/contenido"}],"about":[{"href":"https:\/\/visitacostadamorte.com\/gl\/wp-json\/wp\/v2\/types\/contenido"}],"wp:featuredmedia":[{"embeddable":true,"href":"https:\/\/visitacostadamorte.com\/gl\/wp-json\/wp\/v2\/media\/13231"}],"wp:attachment":[{"href":"https:\/\/visitacostadamorte.com\/gl\/wp-json\/wp\/v2\/media?parent=63461"}],"wp:term":[{"taxonomy":"concellos-contenido","embeddable":true,"href":"https:\/\/visitacostadamorte.com\/gl\/wp-json\/wp\/v2\/concellos-contenido?post=63461"},{"taxonomy":"categorias-contenido","embeddable":true,"href":"https:\/\/visitacostadamorte.com\/gl\/wp-json\/wp\/v2\/categorias-contenido?post=63461"}],"curies":[{"name":"wp","href":"https:\/\/api.w.org\/{rel}","templated":true}]}}

<p>As Illas Lobeira son dous pequenos arquipélagos que reciben o nome de Lobeira Grande e Lobeira Chica ou Pequena.
Están situados en plena ría de Corcubión, en fronte da costa de Carnota. </p>

<p>A orixe do nome destas illas non está moi claro.
Por unha parte crée que en épocas anteriores estivesen habitadas por lobos mariñeiros.
Mentres que por outra parte, os mariñeiros consideraban estas illas un perigo para a navegación, esperaban escondidas como un lobo a que un barco chocase contra elas.  </p>

<p>Estas illas foron escenario dun sinfín de naufraxios, entre eles o de dous mercantes gregos, o Polymia en 1904 e anos antes, no mesmo sitio, o Skuld en 1901.
A chamada Lobeira Grande, na cal se conserva o faro automatizado, estivo habitada por fareiros.
O primeiro faro data do 1906, sendo un faro de 4ª orde.
O edificio incluía a vivenda do fareiro, un almacén de alimentos e mercadorías e unha oficina para o enxeñeiro do faro.   </p>

<p>As Illas Lobeira son dous pequenos arquipélagos que reciben o nome de Lobeira Grande e Lobeira Chica ou Pequena. Están situados en plena ría de Corcubión, en fronte da costa de Carnota. A orixe do nome destas illas non está moi claro. Por unha parte crée que en épocas anteriores estivesen habitadas por lobos mariñeiros. [&hellip;]</p>
