{"id":63450,"date":"2024-09-16T08:27:54","date_gmt":"2024-09-16T06:27:54","guid":{"rendered":"https:\/\/great-goldberg.213-199-36-195.plesk.page\/post\/cabo-fisterra-mirador-de-mar-de-fora"},"modified":"2024-11-29T19:02:20","modified_gmt":"2024-11-29T18:02:20","slug":"cabo-fisterra-miradoiro-de-mar-de-fora","status":"publish","type":"contenido","link":"https:\/\/visitacostadamorte.com\/gl\/post\/cabo-fisterra-miradoiro-de-mar-de-fora","title":{"rendered":"Cabo Fisterra \/ miradoiro de Mar de fora"},"content":{"rendered":"\n<p>En Fisterra tes d\u00faas opci\u00f3ns perfectas para observar o ceo. A primeira delas \u00e9 o cabo Fisterra, a fin do mundo, un promontorio que se interna no mar dende unha altura de m\u00e1is de 100 metros e no que poder\u00e1s desfrutar dunha posta de sol de fantas\u00eda. O outro punto \u00e9 o miradoiro de Mar de Fora situado a escasos metros da praia hom\u00f3nima e rodeado de natureza pura, onde poder\u00e1s observar o ceo nocturno e as s\u00faas estrelas mentres escoitas os embates do mar sobre as pedras.  <\/p>\n\n<p>Ambos os puntos te\u00f1en unha zona para aparcar nas inmediaci\u00f3ns, a\u00ednda que requiren de andar uns poucos centos de metros para acadar a meta. No caso do cabo Fisterra s\u00f3 ter\u00e1s que seguir a estrada (con boa sinalizaci\u00f3n) que se inicia na vila e que conecta co faro. En canto ao miradoiro de Mar de Fora ter\u00e1s que dar as costas a vila de Fisterra a trav\u00e9s do Cami\u00f1o da \u00cdnsua, unha senda peonil que che levar\u00e1 ao teu destino.  <\/p>\n","protected":false},"excerpt":{"rendered":"<p>En Fisterra tes d\u00faas opci\u00f3ns perfectas para observar o ceo. A primeira delas \u00e9 o cabo Fisterra, a fin do mundo, un promontorio que se interna no mar dende unha altura de m\u00e1is de 100 metros e no que poder\u00e1s desfrutar dunha posta de sol de fantas\u00eda. O outro punto \u00e9 o miradoiro de Mar [&hellip;]<\/p>\n","protected":false},"featured_media":45136,"template":"","concellos-contenido":[333],"categorias-contenido":[272],"class_list":["post-63450","contenido","type-contenido","status-publish","has-post-thumbnail","hentry","concellos-contenido-fisterra-gl","categorias-contenido-miradores-gl"],"_links":{"self":[{"href":"https:\/\/visitacostadamorte.com\/gl\/wp-json\/wp\/v2\/contenido\/63450","targetHints":{"allow":["GET"]}}],"collection":[{"href":"https:\/\/visitacostadamorte.com\/gl\/wp-json\/wp\/v2\/contenido"}],"about":[{"href":"https:\/\/visitacostadamorte.com\/gl\/wp-json\/wp\/v2\/types\/contenido"}],"wp:featuredmedia":[{"embeddable":true,"href":"https:\/\/visitacostadamorte.com\/gl\/wp-json\/wp\/v2\/media\/45136"}],"wp:attachment":[{"href":"https:\/\/visitacostadamorte.com\/gl\/wp-json\/wp\/v2\/media?parent=63450"}],"wp:term":[{"taxonomy":"concellos-contenido","embeddable":true,"href":"https:\/\/visitacostadamorte.com\/gl\/wp-json\/wp\/v2\/concellos-contenido?post=63450"},{"taxonomy":"categorias-contenido","embeddable":true,"href":"https:\/\/visitacostadamorte.com\/gl\/wp-json\/wp\/v2\/categorias-contenido?post=63450"}],"curies":[{"name":"wp","href":"https:\/\/api.w.org\/{rel}","templated":true}]}}

<p>En Fisterra tes dúas opcións perfectas para observar o ceo. A primeira delas é o cabo Fisterra, a fin do mundo, un promontorio que se interna no mar dende unha altura de máis de 100 metros e no que poderás desfrutar dunha posta de sol de fantasía. O outro punto é o miradoiro de Mar de Fora situado a escasos metros da praia homónima e rodeado de natureza pura, onde poderás observar o ceo nocturno e as súas estrelas mentres escoitas os embates do mar sobre as pedras.  </p>

<p>Ambos os puntos teñen unha zona para aparcar nas inmediacións, aínda que requiren de andar uns poucos centos de metros para acadar a meta. No caso do cabo Fisterra só terás que seguir a estrada (con boa sinalización) que se inicia na vila e que conecta co faro. En canto ao miradoiro de Mar de Fora terás que dar as costas a vila de Fisterra a través do Camiño da Ínsua, unha senda peonil que che levará ao teu destino.  </p>

<p>En Fisterra tes dúas opcións perfectas para observar o ceo. A primeira delas é o cabo Fisterra, a fin do mundo, un promontorio que se interna no mar dende unha altura de máis de 100 metros e no que poderás desfrutar dunha posta de sol de fantasía. O outro punto é o miradoiro de Mar [&hellip;]</p>
