{"id":63354,"date":"2024-07-12T21:10:43","date_gmt":"2024-07-12T19:10:43","guid":{"rendered":"https:\/\/great-goldberg.213-199-36-195.plesk.page\/post\/san-pedro-cabana"},"modified":"2024-09-17T19:51:30","modified_gmt":"2024-09-17T17:51:30","slug":"san-pedro-cabana","status":"publish","type":"contenido","link":"https:\/\/visitacostadamorte.com\/gl\/post\/san-pedro-cabana","title":{"rendered":"San Pedro (Cabana de Berganti\u00f1os)"},"content":{"rendered":"\n<p>A praia de San Pedro est\u00e1 escondida entre d\u00faas pequenas formaci\u00f3ns monta\u00f1osas; un recollido arenal que vale a pena buscar.\nAcceder\u00e1s a este a trav\u00e9s dunha estreita escalinata que remata neste para\u00edso paisax\u00edstico.\nNos seus poucos metros de extensi\u00f3n podes desfrutar da tranquilidade que ofrece este punto lugar rodeado de vexetaci\u00f3n e aberto ao mar.  <\/p>\n","protected":false},"excerpt":{"rendered":"<p>A praia de San Pedro est\u00e1 escondida entre d\u00faas pequenas formaci\u00f3ns monta\u00f1osas; un recollido arenal que vale a pena buscar. Acceder\u00e1s a este a trav\u00e9s dunha estreita escalinata que remata neste para\u00edso paisax\u00edstico. Nos seus poucos metros de extensi\u00f3n podes desfrutar da tranquilidade que ofrece este punto lugar rodeado de vexetaci\u00f3n e aberto ao mar.<\/p>\n","protected":false},"featured_media":18093,"template":"","concellos-contenido":[311],"categorias-contenido":[265],"class_list":["post-63354","contenido","type-contenido","status-publish","has-post-thumbnail","hentry","concellos-contenido-cabana-gl","categorias-contenido-surf-playas-salvajes-gl"],"_links":{"self":[{"href":"https:\/\/visitacostadamorte.com\/gl\/wp-json\/wp\/v2\/contenido\/63354","targetHints":{"allow":["GET"]}}],"collection":[{"href":"https:\/\/visitacostadamorte.com\/gl\/wp-json\/wp\/v2\/contenido"}],"about":[{"href":"https:\/\/visitacostadamorte.com\/gl\/wp-json\/wp\/v2\/types\/contenido"}],"wp:featuredmedia":[{"embeddable":true,"href":"https:\/\/visitacostadamorte.com\/gl\/wp-json\/wp\/v2\/media\/18093"}],"wp:attachment":[{"href":"https:\/\/visitacostadamorte.com\/gl\/wp-json\/wp\/v2\/media?parent=63354"}],"wp:term":[{"taxonomy":"concellos-contenido","embeddable":true,"href":"https:\/\/visitacostadamorte.com\/gl\/wp-json\/wp\/v2\/concellos-contenido?post=63354"},{"taxonomy":"categorias-contenido","embeddable":true,"href":"https:\/\/visitacostadamorte.com\/gl\/wp-json\/wp\/v2\/categorias-contenido?post=63354"}],"curies":[{"name":"wp","href":"https:\/\/api.w.org\/{rel}","templated":true}]}}

San Pedro (Cabana de Bergantiños)

<p>A praia de San Pedro está escondida entre dúas pequenas formacións montañosas; un recollido arenal que vale a pena buscar.
Accederás a este a través dunha estreita escalinata que remata neste paraíso paisaxístico.
Nos seus poucos metros de extensión podes desfrutar da tranquilidade que ofrece este punto lugar rodeado de vexetación e aberto ao mar.  </p>

<p>A praia de San Pedro está escondida entre dúas pequenas formacións montañosas; un recollido arenal que vale a pena buscar. Accederás a este a través dunha estreita escalinata que remata neste paraíso paisaxístico. Nos seus poucos metros de extensión podes desfrutar da tranquilidade que ofrece este punto lugar rodeado de vexetación e aberto ao mar.</p>
