{"id":63322,"date":"2024-07-11T21:30:55","date_gmt":"2024-07-11T19:30:55","guid":{"rendered":"https:\/\/great-goldberg.213-199-36-195.plesk.page\/post\/fornela-dos-mouros-laxe"},"modified":"2024-09-17T19:51:05","modified_gmt":"2024-09-17T17:51:05","slug":"fornela-dos-mouros-laxe","status":"publish","type":"contenido","link":"https:\/\/visitacostadamorte.com\/gl\/post\/fornela-dos-mouros-laxe","title":{"rendered":"Fornela dos Mouros (Laxe)"},"content":{"rendered":"\n<h2 class=\"wp-block-heading\">Unha pequena morada para os mouros<\/h2>\n\n<p>A Fornela dous Mouros \u00e9 un dos d\u00f3lmenes m\u00e1is singulares da Costa da Morte.\nNon ten m\u00e1moa (t\u00famulo de terra), nin corredor e a s\u00faa c\u00e1mara presenta unha peculiar forma de caseta moi sinxela formada por tres losas verticais de pedra e unha cuarta que fai a funci\u00f3n de tellado.\nEstas caracter\u00edsticas son moi similares a outro dos megalitos importantes deste territorio, a Casota de Fre\u00e1ns (Vimianzo).  <\/p>\n\n<p>O seu tama\u00f1o &#8220;reducido&#8221; tam\u00e9n \u00e9 inusual, polo menos en relaci\u00f3n con outros megalitos, con s\u00f3 1,35 metros de alto e 2,70 metros de largo.\nEsta circunstancia, xunto co feito de que se encontra nun terreo moi pedregoso, non apto para enterramentos, fixo pensar a alg\u00fans investigadores que se poder\u00eda non tratar dun dolme. <\/p>\n\n<p>En calquera caso, a s\u00faa forma sinxela recorda \u00e1s cistas megal\u00edticas, posteriores aos cl\u00e1sicos d\u00f3lmenes de c\u00e1mara e corredor, xeralmente datadas no segundo milenio a. C, a inicios da Idade do Bronce.\nEstes monumentos ter\u00edan funcionado como enterros individuais e polo xeral carec\u00edan da monumentalidade dos grandes d\u00f3lmenes de corredor. <\/p>\n","protected":false},"excerpt":{"rendered":"<p>Unha pequena morada para os mouros A Fornela dous Mouros \u00e9 un dos d\u00f3lmenes m\u00e1is singulares da Costa da Morte. Non ten m\u00e1moa (t\u00famulo de terra), nin corredor e a s\u00faa c\u00e1mara presenta unha peculiar forma de caseta moi sinxela formada por tres losas verticais de pedra e unha cuarta que fai a funci\u00f3n de [&hellip;]<\/p>\n","protected":false},"featured_media":17518,"template":"","concellos-contenido":[303],"categorias-contenido":[245,253,411],"class_list":["post-63322","contenido","type-contenido","status-publish","has-post-thumbnail","hentry","concellos-contenido-laxe-gl","categorias-contenido-cultura-e-historia-gl","categorias-contenido-megalitismo-gl","categorias-contenido-prehistoria-gl"],"_links":{"self":[{"href":"https:\/\/visitacostadamorte.com\/gl\/wp-json\/wp\/v2\/contenido\/63322","targetHints":{"allow":["GET"]}}],"collection":[{"href":"https:\/\/visitacostadamorte.com\/gl\/wp-json\/wp\/v2\/contenido"}],"about":[{"href":"https:\/\/visitacostadamorte.com\/gl\/wp-json\/wp\/v2\/types\/contenido"}],"wp:featuredmedia":[{"embeddable":true,"href":"https:\/\/visitacostadamorte.com\/gl\/wp-json\/wp\/v2\/media\/17518"}],"wp:attachment":[{"href":"https:\/\/visitacostadamorte.com\/gl\/wp-json\/wp\/v2\/media?parent=63322"}],"wp:term":[{"taxonomy":"concellos-contenido","embeddable":true,"href":"https:\/\/visitacostadamorte.com\/gl\/wp-json\/wp\/v2\/concellos-contenido?post=63322"},{"taxonomy":"categorias-contenido","embeddable":true,"href":"https:\/\/visitacostadamorte.com\/gl\/wp-json\/wp\/v2\/categorias-contenido?post=63322"}],"curies":[{"name":"wp","href":"https:\/\/api.w.org\/{rel}","templated":true}]}}

<h2 class="wp-block-heading">Unha pequena morada para os mouros</h2>

<p>A Fornela dous Mouros é un dos dólmenes máis singulares da Costa da Morte.
Non ten mámoa (túmulo de terra), nin corredor e a súa cámara presenta unha peculiar forma de caseta moi sinxela formada por tres losas verticais de pedra e unha cuarta que fai a función de tellado.
Estas características son moi similares a outro dos megalitos importantes deste territorio, a Casota de Freáns (Vimianzo).  </p>

<p>O seu tamaño &#8220;reducido&#8221; tamén é inusual, polo menos en relación con outros megalitos, con só 1,35 metros de alto e 2,70 metros de largo.
Esta circunstancia, xunto co feito de que se encontra nun terreo moi pedregoso, non apto para enterramentos, fixo pensar a algúns investigadores que se podería non tratar dun dolme. </p>

<p>En calquera caso, a súa forma sinxela recorda ás cistas megalíticas, posteriores aos clásicos dólmenes de cámara e corredor, xeralmente datadas no segundo milenio a. C, a inicios da Idade do Bronce.
Estes monumentos terían funcionado como enterros individuais e polo xeral carecían da monumentalidade dos grandes dólmenes de corredor. </p>

<p>Unha pequena morada para os mouros A Fornela dous Mouros é un dos dólmenes máis singulares da Costa da Morte. Non ten mámoa (túmulo de terra), nin corredor e a súa cámara presenta unha peculiar forma de caseta moi sinxela formada por tres losas verticais de pedra e unha cuarta que fai a función de [&hellip;]</p>
