{"id":63319,"date":"2024-07-11T21:30:55","date_gmt":"2024-07-11T19:30:55","guid":{"rendered":"https:\/\/great-goldberg.213-199-36-195.plesk.page\/post\/fuso-da-moura-ponteceso"},"modified":"2024-09-17T19:51:05","modified_gmt":"2024-09-17T17:51:05","slug":"fuso-da-moura-ponteceso","status":"publish","type":"contenido","link":"https:\/\/visitacostadamorte.com\/gl\/post\/fuso-da-moura-ponteceso","title":{"rendered":"Fuso da Moura (Ponteceso)"},"content":{"rendered":"\n<h2 class=\"wp-block-heading\">Onde a &#8220;moura&#8221; perdeu o huso<\/h2>\n\n<p>O Fuso da Moura \u00e9 unha pedra cargada de tradici\u00f3ns ancestrais.\nSegundo contan, a ela lev\u00e1base o gando enfermo para ser curado polas s\u00faas propiedades m\u00e1xicas.\nPola noite, cando ningu\u00e9n os ve\u00eda, os campesi\u00f1os iban coas s\u00faas vacas ou ovellas e daban voltas arredor da pedra.\nOgo, cando baixaban do monte, ti\u00f1an que romper unha vasixa de barro, que non se utilizase antes, nun lugar con cruzamento e cruceiro.\nNese lugar quedaba depositado o meigallo.    <\/p>\n\n<p>Tr\u00e1tase dunha &#8220;pedrafita&#8221; (menhir) cunha peculiar forma de fuso, que probablemente deu orixe ao seu nome e ao do contorno onde se sit\u00faa.\nA\u00ednda que a s\u00faa orixe non est\u00e1 claro, o feito de que estea moi cerca da necr\u00f3polis de Fuso da Moura, onde se co\u00f1ecen varios t\u00famulos, suxire que puido ter funcionado na prehistoria como fito sinalizador ou anunciador dos enterros. <\/p>\n\n<p>Xa en \u00e9poca hist\u00f3rica parece que tivo unha funci\u00f3n de l\u00edmite entre as parroquias de Nen\u00f3ns (Ponteceso) e Mens (Malpica).\nEste papel delimitador dos menhires \u00e9 moi com\u00fan en Galicia, xa que son pedras moi singulares e visibles na paisaxe. <\/p>\n","protected":false},"excerpt":{"rendered":"<p>Onde a &#8220;moura&#8221; perdeu o huso O Fuso da Moura \u00e9 unha pedra cargada de tradici\u00f3ns ancestrais. Segundo contan, a ela lev\u00e1base o gando enfermo para ser curado polas s\u00faas propiedades m\u00e1xicas. Pola noite, cando ningu\u00e9n os ve\u00eda, os campesi\u00f1os iban coas s\u00faas vacas ou ovellas e daban voltas arredor da pedra. Ogo, cando baixaban [&hellip;]<\/p>\n","protected":false},"featured_media":15992,"template":"","concellos-contenido":[301],"categorias-contenido":[245,253,411],"class_list":["post-63319","contenido","type-contenido","status-publish","has-post-thumbnail","hentry","concellos-contenido-ponteceso-gl","categorias-contenido-cultura-e-historia-gl","categorias-contenido-megalitismo-gl","categorias-contenido-prehistoria-gl"],"_links":{"self":[{"href":"https:\/\/visitacostadamorte.com\/gl\/wp-json\/wp\/v2\/contenido\/63319","targetHints":{"allow":["GET"]}}],"collection":[{"href":"https:\/\/visitacostadamorte.com\/gl\/wp-json\/wp\/v2\/contenido"}],"about":[{"href":"https:\/\/visitacostadamorte.com\/gl\/wp-json\/wp\/v2\/types\/contenido"}],"wp:featuredmedia":[{"embeddable":true,"href":"https:\/\/visitacostadamorte.com\/gl\/wp-json\/wp\/v2\/media\/15992"}],"wp:attachment":[{"href":"https:\/\/visitacostadamorte.com\/gl\/wp-json\/wp\/v2\/media?parent=63319"}],"wp:term":[{"taxonomy":"concellos-contenido","embeddable":true,"href":"https:\/\/visitacostadamorte.com\/gl\/wp-json\/wp\/v2\/concellos-contenido?post=63319"},{"taxonomy":"categorias-contenido","embeddable":true,"href":"https:\/\/visitacostadamorte.com\/gl\/wp-json\/wp\/v2\/categorias-contenido?post=63319"}],"curies":[{"name":"wp","href":"https:\/\/api.w.org\/{rel}","templated":true}]}}

<h2 class="wp-block-heading">Onde a &#8220;moura&#8221; perdeu o huso</h2>

<p>O Fuso da Moura é unha pedra cargada de tradicións ancestrais.
Segundo contan, a ela levábase o gando enfermo para ser curado polas súas propiedades máxicas.
Pola noite, cando ninguén os veía, os campesiños iban coas súas vacas ou ovellas e daban voltas arredor da pedra.
Ogo, cando baixaban do monte, tiñan que romper unha vasixa de barro, que non se utilizase antes, nun lugar con cruzamento e cruceiro.
Nese lugar quedaba depositado o meigallo.    </p>

<p>Trátase dunha &#8220;pedrafita&#8221; (menhir) cunha peculiar forma de fuso, que probablemente deu orixe ao seu nome e ao do contorno onde se sitúa.
Aínda que a súa orixe non está claro, o feito de que estea moi cerca da necrópolis de Fuso da Moura, onde se coñecen varios túmulos, suxire que puido ter funcionado na prehistoria como fito sinalizador ou anunciador dos enterros. </p>

<p>Xa en época histórica parece que tivo unha función de límite entre as parroquias de Nenóns (Ponteceso) e Mens (Malpica).
Este papel delimitador dos menhires é moi común en Galicia, xa que son pedras moi singulares e visibles na paisaxe. </p>

<p>Onde a &#8220;moura&#8221; perdeu o huso O Fuso da Moura é unha pedra cargada de tradicións ancestrais. Segundo contan, a ela levábase o gando enfermo para ser curado polas súas propiedades máxicas. Pola noite, cando ninguén os veía, os campesiños iban coas súas vacas ou ovellas e daban voltas arredor da pedra. Ogo, cando baixaban [&hellip;]</p>
