{"id":63291,"date":"2024-05-23T11:08:06","date_gmt":"2024-05-23T09:08:06","guid":{"rendered":"https:\/\/great-goldberg.213-199-36-195.plesk.page\/post\/mirador-del-monte-perrol"},"modified":"2024-12-03T20:56:47","modified_gmt":"2024-12-03T19:56:47","slug":"miradoiro-do-monte-perrol","status":"publish","type":"contenido","link":"https:\/\/visitacostadamorte.com\/gl\/post\/miradoiro-do-monte-perrol","title":{"rendered":"Miradoiro do Monte Perrol"},"content":{"rendered":"\n<h3 class=\"wp-block-heading\">Miradoiro do Monte Perrol (Laxe): Vista Panor\u00e1mica da Costa da Morte<\/h3>\n\n<p>O Miradoiro do Monte Perrol, situado en Laxe, ofrece unha impresionante vista dos vales de Berganti\u00f1os e Soneira. Dende esta elevaci\u00f3n p\u00f3dense recoller numerosos puntos de interese no horizonte, inclu\u00edndo o monte Neme, as illas Sisargas, as torres de Mens, o monte do Faro, o pico do Castelo, a illa da Ti\u00f1osa, o monte Branco, O Gont\u00f3n, o pico de Sinde, A Penela e o Pico de Meda. <\/p>\n\n<p>Ademais da extensa panor\u00e1mica que abrangue dende Bu\u00f1o at\u00e9 Carballo e Verdillo, o miradoiro tam\u00e9n ofrece vistas detalladas de localidades pr\u00f3ximas como Valenza e Augalada. Este lugar \u00e9 un para\u00edso para os amantes da natureza e os entusiastas das vistas panor\u00e1micas, proporcionando unha experiencia \u00fanica para os que buscan explorar e desfrutar da beleza natural da Costa da Morte. <\/p>\n","protected":false},"excerpt":{"rendered":"<p>Miradoiro do Monte Perrol (Laxe): Vista Panor\u00e1mica da Costa da Morte O Miradoiro do Monte Perrol, situado en Laxe, ofrece unha impresionante vista dos vales de Berganti\u00f1os e Soneira. Dende esta elevaci\u00f3n p\u00f3dense recoller numerosos puntos de interese no horizonte, inclu\u00edndo o monte Neme, as illas Sisargas, as torres de Mens, o monte do Faro, [&hellip;]<\/p>\n","protected":false},"featured_media":13710,"template":"","concellos-contenido":[311],"categorias-contenido":[272],"class_list":["post-63291","contenido","type-contenido","status-publish","has-post-thumbnail","hentry","concellos-contenido-cabana-gl","categorias-contenido-miradores-gl"],"_links":{"self":[{"href":"https:\/\/visitacostadamorte.com\/gl\/wp-json\/wp\/v2\/contenido\/63291","targetHints":{"allow":["GET"]}}],"collection":[{"href":"https:\/\/visitacostadamorte.com\/gl\/wp-json\/wp\/v2\/contenido"}],"about":[{"href":"https:\/\/visitacostadamorte.com\/gl\/wp-json\/wp\/v2\/types\/contenido"}],"wp:featuredmedia":[{"embeddable":true,"href":"https:\/\/visitacostadamorte.com\/gl\/wp-json\/wp\/v2\/media\/13710"}],"wp:attachment":[{"href":"https:\/\/visitacostadamorte.com\/gl\/wp-json\/wp\/v2\/media?parent=63291"}],"wp:term":[{"taxonomy":"concellos-contenido","embeddable":true,"href":"https:\/\/visitacostadamorte.com\/gl\/wp-json\/wp\/v2\/concellos-contenido?post=63291"},{"taxonomy":"categorias-contenido","embeddable":true,"href":"https:\/\/visitacostadamorte.com\/gl\/wp-json\/wp\/v2\/categorias-contenido?post=63291"}],"curies":[{"name":"wp","href":"https:\/\/api.w.org\/{rel}","templated":true}]}}

<h3 class="wp-block-heading">Miradoiro do Monte Perrol (Laxe): Vista Panorámica da Costa da Morte</h3>

<p>O Miradoiro do Monte Perrol, situado en Laxe, ofrece unha impresionante vista dos vales de Bergantiños e Soneira. Dende esta elevación pódense recoller numerosos puntos de interese no horizonte, incluíndo o monte Neme, as illas Sisargas, as torres de Mens, o monte do Faro, o pico do Castelo, a illa da Tiñosa, o monte Branco, O Gontón, o pico de Sinde, A Penela e o Pico de Meda. </p>

<p>Ademais da extensa panorámica que abrangue dende Buño até Carballo e Verdillo, o miradoiro tamén ofrece vistas detalladas de localidades próximas como Valenza e Augalada. Este lugar é un paraíso para os amantes da natureza e os entusiastas das vistas panorámicas, proporcionando unha experiencia única para os que buscan explorar e desfrutar da beleza natural da Costa da Morte. </p>

<p>Miradoiro do Monte Perrol (Laxe): Vista Panorámica da Costa da Morte O Miradoiro do Monte Perrol, situado en Laxe, ofrece unha impresionante vista dos vales de Bergantiños e Soneira. Dende esta elevación pódense recoller numerosos puntos de interese no horizonte, incluíndo o monte Neme, as illas Sisargas, as torres de Mens, o monte do Faro, [&hellip;]</p>
