{"id":63276,"date":"2024-05-23T11:08:06","date_gmt":"2024-05-23T09:08:06","guid":{"rendered":"https:\/\/great-goldberg.213-199-36-195.plesk.page\/post\/praia-y-laguna-de-traba"},"modified":"2025-11-01T11:15:07","modified_gmt":"2025-11-01T10:15:07","slug":"praia-y-laguna-de-traba","status":"publish","type":"contenido","link":"https:\/\/visitacostadamorte.com\/gl\/post\/praia-y-laguna-de-traba","title":{"rendered":"Praia e lagoa de Traba"},"content":{"rendered":"\n<p>A Praia de Traba destaca como a m\u00e1is extensa e agreste de Laxe, con case tres quil\u00f3metros de lonxitude e rodeada dun vasto arenal, dunas e unha lagoa costeira cargada de lendas. O seu excepcional valor medioambiental levou ao seu reco\u00f1ecemento como Espazo Natural baixo o nome de Espazo Natural da Lagoa e Dunas de Traba. <\/p>\n\n<p>Esta praia \u00e9 un verdadeiro tesouro natural, ideal para os amantes da natureza e os entusiastas da historia. Ven a explorar a Praia de Traba e d\u00e9ixate cautivar pola s\u00faa bolsa \u00fanica e a s\u00faa rica biodiversidade, que a converten nun lugar especial dentro da Costa da Morte. <\/p>\n","protected":false},"excerpt":{"rendered":"<p>A Praia de Traba destaca como a m\u00e1is extensa e agreste de Laxe, con case tres quil\u00f3metros de lonxitude e rodeada dun vasto arenal, dunas e unha lagoa costeira cargada de lendas. O seu excepcional valor medioambiental levou ao seu reco\u00f1ecemento como Espazo Natural baixo o nome de Espazo Natural da Lagoa e Dunas de [&hellip;]<\/p>\n","protected":false},"featured_media":13726,"template":"","concellos-contenido":[303],"categorias-contenido":[266,277],"class_list":["post-63276","contenido","type-contenido","status-publish","has-post-thumbnail","hentry","concellos-contenido-laxe-gl","categorias-contenido-naturaleza-gl","categorias-contenido-playas-gl"],"_links":{"self":[{"href":"https:\/\/visitacostadamorte.com\/gl\/wp-json\/wp\/v2\/contenido\/63276","targetHints":{"allow":["GET"]}}],"collection":[{"href":"https:\/\/visitacostadamorte.com\/gl\/wp-json\/wp\/v2\/contenido"}],"about":[{"href":"https:\/\/visitacostadamorte.com\/gl\/wp-json\/wp\/v2\/types\/contenido"}],"wp:featuredmedia":[{"embeddable":true,"href":"https:\/\/visitacostadamorte.com\/gl\/wp-json\/wp\/v2\/media\/13726"}],"wp:attachment":[{"href":"https:\/\/visitacostadamorte.com\/gl\/wp-json\/wp\/v2\/media?parent=63276"}],"wp:term":[{"taxonomy":"concellos-contenido","embeddable":true,"href":"https:\/\/visitacostadamorte.com\/gl\/wp-json\/wp\/v2\/concellos-contenido?post=63276"},{"taxonomy":"categorias-contenido","embeddable":true,"href":"https:\/\/visitacostadamorte.com\/gl\/wp-json\/wp\/v2\/categorias-contenido?post=63276"}],"curies":[{"name":"wp","href":"https:\/\/api.w.org\/{rel}","templated":true}]}}

<p>A Praia de Traba destaca como a máis extensa e agreste de Laxe, con case tres quilómetros de lonxitude e rodeada dun vasto arenal, dunas e unha lagoa costeira cargada de lendas. O seu excepcional valor medioambiental levou ao seu recoñecemento como Espazo Natural baixo o nome de Espazo Natural da Lagoa e Dunas de Traba. </p>

<p>Esta praia é un verdadeiro tesouro natural, ideal para os amantes da natureza e os entusiastas da historia. Ven a explorar a Praia de Traba e déixate cautivar pola súa bolsa única e a súa rica biodiversidade, que a converten nun lugar especial dentro da Costa da Morte. </p>

<p>A Praia de Traba destaca como a máis extensa e agreste de Laxe, con case tres quilómetros de lonxitude e rodeada dun vasto arenal, dunas e unha lagoa costeira cargada de lendas. O seu excepcional valor medioambiental levou ao seu recoñecemento como Espazo Natural baixo o nome de Espazo Natural da Lagoa e Dunas de [&hellip;]</p>
