{"id":63239,"date":"2024-05-23T11:07:32","date_gmt":"2024-05-23T09:07:32","guid":{"rendered":"https:\/\/great-goldberg.213-199-36-195.plesk.page\/post\/cabo-roncudo"},"modified":"2024-09-17T19:50:17","modified_gmt":"2024-09-17T17:50:17","slug":"cabo-roncudo","status":"publish","type":"contenido","link":"https:\/\/visitacostadamorte.com\/gl\/post\/cabo-roncudo","title":{"rendered":"Cabo Roncudo"},"content":{"rendered":"\n<p>Cabo principal de Berganti\u00f1os xunto ao cabo Santo Hadri\u00e1n e o cabo Nariga.<\/p>\n\n<p>A punta Roncudo debe o seu nome ao eco que produce o son do mar Atl\u00e1ntico na costa deste promontorio.<\/p>\n\n<p>O Faro Roncudo alerta constantemente ao tr\u00e1fico mar\u00edtimo da Costa da Morte da proximidade e perigo deste mar, cemiterio tradicional de barcos naufragados.\nAs cruzamentos levantadas no cabo recordan tam\u00e9n a vida dos mari\u00f1eiros e mariscadores afogados ou desaparecidos neste oc\u00e9ano infinito. <\/p>\n\n<p>\u00c9 un lugar id\u00f3neo para recoller o paso de aves mari\u00f1eiras, ou migratorias, viaxeiras, entre as que cabe citar a gabiota e o corvo mari\u00f1o.<\/p>\n\n<p>Tam\u00e9n \u00e9 famoso polos seus percebes, que crecen sobre as rocas batidas polas olas.<\/p>\n\n<p>Nestas inquietas augas hai que co\u00f1ecer as mareas antes de facerse ao mar.\nA luna e o estado do mar rexen o destino dos percebes e dos &#8220;percebeiros&#8221;. <\/p>\n\n<p>Son moitas persoas as que perderon a vida realizando este labor, traicionados polo mar.<\/p>\n\n<p>Aqu\u00ed as mareas poden ter oscilaci\u00f3ns de m\u00e1is de catro metros, e \u00e9 ent\u00f3n, durante as mareas m\u00e1is baixas, e se o mar o permite, cando se descubre o percebe antes oculto baixo a espuma das olas.<\/p>\n","protected":false},"excerpt":{"rendered":"<p>Cabo principal de Berganti\u00f1os xunto ao cabo Santo Hadri\u00e1n e o cabo Nariga. A punta Roncudo debe o seu nome ao eco que produce o son do mar Atl\u00e1ntico na costa deste promontorio. O Faro Roncudo alerta constantemente ao tr\u00e1fico mar\u00edtimo da Costa da Morte da proximidade e perigo deste mar, cemiterio tradicional de barcos [&hellip;]<\/p>\n","protected":false},"featured_media":14136,"template":"","concellos-contenido":[301],"categorias-contenido":[271],"class_list":["post-63239","contenido","type-contenido","status-publish","has-post-thumbnail","hentry","concellos-contenido-ponteceso-gl","categorias-contenido-espacios-naturales-gl"],"_links":{"self":[{"href":"https:\/\/visitacostadamorte.com\/gl\/wp-json\/wp\/v2\/contenido\/63239","targetHints":{"allow":["GET"]}}],"collection":[{"href":"https:\/\/visitacostadamorte.com\/gl\/wp-json\/wp\/v2\/contenido"}],"about":[{"href":"https:\/\/visitacostadamorte.com\/gl\/wp-json\/wp\/v2\/types\/contenido"}],"wp:featuredmedia":[{"embeddable":true,"href":"https:\/\/visitacostadamorte.com\/gl\/wp-json\/wp\/v2\/media\/14136"}],"wp:attachment":[{"href":"https:\/\/visitacostadamorte.com\/gl\/wp-json\/wp\/v2\/media?parent=63239"}],"wp:term":[{"taxonomy":"concellos-contenido","embeddable":true,"href":"https:\/\/visitacostadamorte.com\/gl\/wp-json\/wp\/v2\/concellos-contenido?post=63239"},{"taxonomy":"categorias-contenido","embeddable":true,"href":"https:\/\/visitacostadamorte.com\/gl\/wp-json\/wp\/v2\/categorias-contenido?post=63239"}],"curies":[{"name":"wp","href":"https:\/\/api.w.org\/{rel}","templated":true}]}}

<p>Cabo principal de Bergantiños xunto ao cabo Santo Hadrián e o cabo Nariga.</p>

<p>A punta Roncudo debe o seu nome ao eco que produce o son do mar Atlántico na costa deste promontorio.</p>

<p>O Faro Roncudo alerta constantemente ao tráfico marítimo da Costa da Morte da proximidade e perigo deste mar, cemiterio tradicional de barcos naufragados.
As cruzamentos levantadas no cabo recordan tamén a vida dos mariñeiros e mariscadores afogados ou desaparecidos neste océano infinito. </p>

<p>É un lugar idóneo para recoller o paso de aves mariñeiras, ou migratorias, viaxeiras, entre as que cabe citar a gabiota e o corvo mariño.</p>

<p>Tamén é famoso polos seus percebes, que crecen sobre as rocas batidas polas olas.</p>

<p>Nestas inquietas augas hai que coñecer as mareas antes de facerse ao mar.
A luna e o estado do mar rexen o destino dos percebes e dos &#8220;percebeiros&#8221;. </p>

<p>Son moitas persoas as que perderon a vida realizando este labor, traicionados polo mar.</p>

<p>Aquí as mareas poden ter oscilacións de máis de catro metros, e é entón, durante as mareas máis baixas, e se o mar o permite, cando se descubre o percebe antes oculto baixo a espuma das olas.</p>

<p>Cabo principal de Bergantiños xunto ao cabo Santo Hadrián e o cabo Nariga. A punta Roncudo debe o seu nome ao eco que produce o son do mar Atlántico na costa deste promontorio. O Faro Roncudo alerta constantemente ao tráfico marítimo da Costa da Morte da proximidade e perigo deste mar, cemiterio tradicional de barcos [&hellip;]</p>
