{"id":63235,"date":"2024-05-23T11:07:32","date_gmt":"2024-05-23T09:07:32","guid":{"rendered":"https:\/\/great-goldberg.213-199-36-195.plesk.page\/post\/cabo-tourinan"},"modified":"2024-09-17T19:50:17","modified_gmt":"2024-09-17T17:50:17","slug":"cabo-tourinan","status":"publish","type":"contenido","link":"https:\/\/visitacostadamorte.com\/gl\/post\/cabo-tourinan","title":{"rendered":"Cabo Touri\u00f1\u00e1n"},"content":{"rendered":"\n<p>\u00a1Non te perdas a experiencia \u00fanica de visitar o Cabo Touri\u00f1\u00e1n!\nSituado a tan solo dezasete kil\u00f3metros de la pintoresca villa de Mux\u00eda, este rinc\u00f3n privilegiado te ofrece un espect\u00e1culo natural inigualable.\nCo seu impo\u00f1ente faro e o seu irmoso contorno, o Cabo Touri\u00f1\u00e1n \u00e9 o lugar perfecto para recoller postas de sol inolvidables.\nD\u00faas veces ao ano, poder\u00e1s ser testemu\u00f1a do \u00faltimo atardecer de Europa continental, un fen\u00f3meno natural que leva de maxia e asombro o horizonte.   <\/p>\n\n<p>O Cabo Touri\u00f1\u00e1n non s\u00f3 te brinda vistas espectaculares, sen\u00f3n tam\u00e9n a oportunidade de conectar coa natureza na s\u00faa forma m\u00e1is pura e salvaxe.\nPercorre os seus sendeiros, sente a brisa do Atl\u00e1ntico e marav\u00edllate coa biodiversidade que habita neste paraxe.\nVen e vive a maxia deste enclave singular, onde a natureza e o ceo \u00fanense nun abrazo cegante, e ch\u00e9vate contigo recordos imborrables da Costa da Morte.  <\/p>\n","protected":false},"excerpt":{"rendered":"<p>\u00a1Non te perdas a experiencia \u00fanica de visitar o Cabo Touri\u00f1\u00e1n! Situado a tan solo dezasete kil\u00f3metros de la pintoresca villa de Mux\u00eda, este rinc\u00f3n privilegiado te ofrece un espect\u00e1culo natural inigualable. Co seu impo\u00f1ente faro e o seu irmoso contorno, o Cabo Touri\u00f1\u00e1n \u00e9 o lugar perfecto para recoller postas de sol inolvidables. D\u00faas [&hellip;]<\/p>\n","protected":false},"featured_media":32634,"template":"","concellos-contenido":[327],"categorias-contenido":[271,250],"class_list":["post-63235","contenido","type-contenido","status-publish","has-post-thumbnail","hentry","concellos-contenido-muxia-gl","categorias-contenido-espacios-naturales-gl","categorias-contenido-faros-gl"],"_links":{"self":[{"href":"https:\/\/visitacostadamorte.com\/gl\/wp-json\/wp\/v2\/contenido\/63235","targetHints":{"allow":["GET"]}}],"collection":[{"href":"https:\/\/visitacostadamorte.com\/gl\/wp-json\/wp\/v2\/contenido"}],"about":[{"href":"https:\/\/visitacostadamorte.com\/gl\/wp-json\/wp\/v2\/types\/contenido"}],"wp:featuredmedia":[{"embeddable":true,"href":"https:\/\/visitacostadamorte.com\/gl\/wp-json\/wp\/v2\/media\/32634"}],"wp:attachment":[{"href":"https:\/\/visitacostadamorte.com\/gl\/wp-json\/wp\/v2\/media?parent=63235"}],"wp:term":[{"taxonomy":"concellos-contenido","embeddable":true,"href":"https:\/\/visitacostadamorte.com\/gl\/wp-json\/wp\/v2\/concellos-contenido?post=63235"},{"taxonomy":"categorias-contenido","embeddable":true,"href":"https:\/\/visitacostadamorte.com\/gl\/wp-json\/wp\/v2\/categorias-contenido?post=63235"}],"curies":[{"name":"wp","href":"https:\/\/api.w.org\/{rel}","templated":true}]}}

Cabo Touriñán

<p>¡Non te perdas a experiencia única de visitar o Cabo Touriñán!
Situado a tan solo dezasete kilómetros de la pintoresca villa de Muxía, este rincón privilegiado te ofrece un espectáculo natural inigualable.
Co seu impoñente faro e o seu irmoso contorno, o Cabo Touriñán é o lugar perfecto para recoller postas de sol inolvidables.
Dúas veces ao ano, poderás ser testemuña do último atardecer de Europa continental, un fenómeno natural que leva de maxia e asombro o horizonte.   </p>

<p>O Cabo Touriñán non só te brinda vistas espectaculares, senón tamén a oportunidade de conectar coa natureza na súa forma máis pura e salvaxe.
Percorre os seus sendeiros, sente a brisa do Atlántico e maravíllate coa biodiversidade que habita neste paraxe.
Ven e vive a maxia deste enclave singular, onde a natureza e o ceo únense nun abrazo cegante, e chévate contigo recordos imborrables da Costa da Morte.  </p>

<p>¡Non te perdas a experiencia única de visitar o Cabo Touriñán! Situado a tan solo dezasete kilómetros de la pintoresca villa de Muxía, este rincón privilegiado te ofrece un espectáculo natural inigualable. Co seu impoñente faro e o seu irmoso contorno, o Cabo Touriñán é o lugar perfecto para recoller postas de sol inolvidables. Dúas [&hellip;]</p>
