{"id":63213,"date":"2024-08-13T16:46:29","date_gmt":"2024-08-13T14:46:29","guid":{"rendered":"https:\/\/great-goldberg.213-199-36-195.plesk.page\/post\/fisterra-pedras-santas-o-marconi"},"modified":"2024-09-17T19:47:54","modified_gmt":"2024-09-17T17:47:54","slug":"fisterra-pedras-santas-o-marconi","status":"publish","type":"contenido","link":"https:\/\/visitacostadamorte.com\/gl\/post\/fisterra-pedras-santas-o-marconi","title":{"rendered":"Fisterra: Pedras Santas o Marconi"},"content":{"rendered":"\n<p>Este punto est\u00e1 situado no segundo lugar m\u00e1is elevado do municipio de Fisterra: o Monte Facho.\nAcc\u00e9dese a trav\u00e9s da estrada que vai ao faro, 100 metros antes de chegar.\nEste enclave tam\u00e9n \u00e9 chamado Marconi pola estaci\u00f3n telegr\u00e1fica que est\u00e1 al\u00ed situada.\nEsta zona tan especial, ao estar tan elevada e \u00e1 vez tan cerca do mar, \u00e9 perfecta para poder observar o ceo coa inmensidade do oc\u00e9ano de fondo.   <\/p>\n","protected":false},"excerpt":{"rendered":"<p>Este punto est\u00e1 situado no segundo lugar m\u00e1is elevado do municipio de Fisterra: o Monte Facho. Acc\u00e9dese a trav\u00e9s da estrada que vai ao faro, 100 metros antes de chegar. Este enclave tam\u00e9n \u00e9 chamado Marconi pola estaci\u00f3n telegr\u00e1fica que est\u00e1 al\u00ed situada. Esta zona tan especial, ao estar tan elevada e \u00e1 vez tan [&hellip;]<\/p>\n","protected":false},"featured_media":58618,"template":"","concellos-contenido":[333],"categorias-contenido":[281],"class_list":["post-63213","contenido","type-contenido","status-publish","has-post-thumbnail","hentry","concellos-contenido-fisterra-gl","categorias-contenido-turismo-de-estrelas-gl"],"_links":{"self":[{"href":"https:\/\/visitacostadamorte.com\/gl\/wp-json\/wp\/v2\/contenido\/63213","targetHints":{"allow":["GET"]}}],"collection":[{"href":"https:\/\/visitacostadamorte.com\/gl\/wp-json\/wp\/v2\/contenido"}],"about":[{"href":"https:\/\/visitacostadamorte.com\/gl\/wp-json\/wp\/v2\/types\/contenido"}],"wp:featuredmedia":[{"embeddable":true,"href":"https:\/\/visitacostadamorte.com\/gl\/wp-json\/wp\/v2\/media\/58618"}],"wp:attachment":[{"href":"https:\/\/visitacostadamorte.com\/gl\/wp-json\/wp\/v2\/media?parent=63213"}],"wp:term":[{"taxonomy":"concellos-contenido","embeddable":true,"href":"https:\/\/visitacostadamorte.com\/gl\/wp-json\/wp\/v2\/concellos-contenido?post=63213"},{"taxonomy":"categorias-contenido","embeddable":true,"href":"https:\/\/visitacostadamorte.com\/gl\/wp-json\/wp\/v2\/categorias-contenido?post=63213"}],"curies":[{"name":"wp","href":"https:\/\/api.w.org\/{rel}","templated":true}]}}

<p>Este punto está situado no segundo lugar máis elevado do municipio de Fisterra: o Monte Facho.
Accédese a través da estrada que vai ao faro, 100 metros antes de chegar.
Este enclave tamén é chamado Marconi pola estación telegráfica que está alí situada.
Esta zona tan especial, ao estar tan elevada e á vez tan cerca do mar, é perfecta para poder observar o ceo coa inmensidade do océano de fondo.   </p>

<p>Este punto está situado no segundo lugar máis elevado do municipio de Fisterra: o Monte Facho. Accédese a través da estrada que vai ao faro, 100 metros antes de chegar. Este enclave tamén é chamado Marconi pola estación telegráfica que está alí situada. Esta zona tan especial, ao estar tan elevada e á vez tan [&hellip;]</p>
