{"id":63177,"date":"2024-07-12T21:27:31","date_gmt":"2024-07-12T19:27:31","guid":{"rendered":"https:\/\/great-goldberg.213-199-36-195.plesk.page\/post\/nemina-muxia"},"modified":"2024-09-17T19:47:36","modified_gmt":"2024-09-17T17:47:36","slug":"nemina-muxia","status":"publish","type":"contenido","link":"https:\/\/visitacostadamorte.com\/gl\/post\/nemina-muxia","title":{"rendered":"Nemi\u00f1a (Mux\u00eda)"},"content":{"rendered":"<p>Unha das praias ic\u00f3nicas da historia do surf en Galicia.<br \/>\nA praia de Nemi\u00f1a \u00e9 o para\u00edso das rompentes situado nun contorno \u00fanico.<br \/>\nDependendo das condici\u00f3ns, ofrece picos variables para todos os niveis, funcionando tanto con marea baixa como con marea alta.<br \/>\nEsta praia \u00e9 unha moi boa alternativa para aprender a facer surf.<br \/>\nAdemais, malia estar illada da urbanizaci\u00f3n, conta con variedade de servizos nas proximidades.    <\/p>\n","protected":false},"excerpt":{"rendered":"<p>Unha das praias ic\u00f3nicas da historia do surf en Galicia. A praia de Nemi\u00f1a \u00e9 o para\u00edso das rompentes situado nun contorno \u00fanico. Dependendo das condici\u00f3ns, ofrece picos variables para todos os niveis, funcionando tanto con marea baixa como con marea alta. Esta praia \u00e9 unha moi boa alternativa para aprender a facer surf. Ademais, [&hellip;]<\/p>\n","protected":false},"featured_media":18077,"template":"","concellos-contenido":[327],"categorias-contenido":[265],"class_list":["post-63177","contenido","type-contenido","status-publish","has-post-thumbnail","hentry","concellos-contenido-muxia-gl","categorias-contenido-surf-playas-salvajes-gl"],"_links":{"self":[{"href":"https:\/\/visitacostadamorte.com\/gl\/wp-json\/wp\/v2\/contenido\/63177","targetHints":{"allow":["GET"]}}],"collection":[{"href":"https:\/\/visitacostadamorte.com\/gl\/wp-json\/wp\/v2\/contenido"}],"about":[{"href":"https:\/\/visitacostadamorte.com\/gl\/wp-json\/wp\/v2\/types\/contenido"}],"wp:featuredmedia":[{"embeddable":true,"href":"https:\/\/visitacostadamorte.com\/gl\/wp-json\/wp\/v2\/media\/18077"}],"wp:attachment":[{"href":"https:\/\/visitacostadamorte.com\/gl\/wp-json\/wp\/v2\/media?parent=63177"}],"wp:term":[{"taxonomy":"concellos-contenido","embeddable":true,"href":"https:\/\/visitacostadamorte.com\/gl\/wp-json\/wp\/v2\/concellos-contenido?post=63177"},{"taxonomy":"categorias-contenido","embeddable":true,"href":"https:\/\/visitacostadamorte.com\/gl\/wp-json\/wp\/v2\/categorias-contenido?post=63177"}],"curies":[{"name":"wp","href":"https:\/\/api.w.org\/{rel}","templated":true}]}}

Nemiña (Muxía)

<p>Unha das praias icónicas da historia do surf en Galicia.<br />
A praia de Nemiña é o paraíso das rompentes situado nun contorno único.<br />
Dependendo das condicións, ofrece picos variables para todos os niveis, funcionando tanto con marea baixa como con marea alta.<br />
Esta praia é unha moi boa alternativa para aprender a facer surf.<br />
Ademais, malia estar illada da urbanización, conta con variedade de servizos nas proximidades.    </p>

<p>Unha das praias icónicas da historia do surf en Galicia. A praia de Nemiña é o paraíso das rompentes situado nun contorno único. Dependendo das condicións, ofrece picos variables para todos os niveis, funcionando tanto con marea baixa como con marea alta. Esta praia é unha moi boa alternativa para aprender a facer surf. Ademais, [&hellip;]</p>
