{"id":63176,"date":"2024-08-13T17:27:32","date_gmt":"2024-08-13T15:27:32","guid":{"rendered":"https:\/\/great-goldberg.213-199-36-195.plesk.page\/post\/ponteceso-faro-de-brantuas"},"modified":"2024-09-17T19:46:59","modified_gmt":"2024-09-17T17:46:59","slug":"ponteceso-faro-de-brantuas","status":"publish","type":"contenido","link":"https:\/\/visitacostadamorte.com\/gl\/post\/ponteceso-faro-de-brantuas","title":{"rendered":"Ponteceso: Faro de Brantuas"},"content":{"rendered":"\n<p>Este \u00e9 un deses lugares ic\u00f3nicos e diferentes que vixian as nosas custas.\nE non, non \u00e9 un &#8220;faro&#8221; como o co\u00f1ecemos.\n\u00c9 un monumento ao Sagrado Coraz\u00f3n de Jes\u00fas situado no monte Faro, a 231 metros de altura, na parroquia de San Xi\u00e1n de Brantuas, en Ponteceso.  <\/p>\n\n<p>Desde este alto, p\u00f3dese observar a r\u00eda de Corme e Laxe e cara ao outro lado Punta Nariga.\nCon esa vista, o ceo tam\u00e9n ofrece un espect\u00e1culo digno de ver.\nUn bo momento para desfrutar das estrelas aqu\u00ed \u00e9 durante as Perseidas, en agosto.  <\/p>\n","protected":false},"excerpt":{"rendered":"<p>Este \u00e9 un deses lugares ic\u00f3nicos e diferentes que vixian as nosas custas. E non, non \u00e9 un &#8220;faro&#8221; como o co\u00f1ecemos. \u00c9 un monumento ao Sagrado Coraz\u00f3n de Jes\u00fas situado no monte Faro, a 231 metros de altura, na parroquia de San Xi\u00e1n de Brantuas, en Ponteceso. Desde este alto, p\u00f3dese observar a r\u00eda [&hellip;]<\/p>\n","protected":false},"featured_media":60310,"template":"","concellos-contenido":[301],"categorias-contenido":[281],"class_list":["post-63176","contenido","type-contenido","status-publish","has-post-thumbnail","hentry","concellos-contenido-ponteceso-gl","categorias-contenido-turismo-de-estrelas-gl"],"_links":{"self":[{"href":"https:\/\/visitacostadamorte.com\/gl\/wp-json\/wp\/v2\/contenido\/63176","targetHints":{"allow":["GET"]}}],"collection":[{"href":"https:\/\/visitacostadamorte.com\/gl\/wp-json\/wp\/v2\/contenido"}],"about":[{"href":"https:\/\/visitacostadamorte.com\/gl\/wp-json\/wp\/v2\/types\/contenido"}],"wp:featuredmedia":[{"embeddable":true,"href":"https:\/\/visitacostadamorte.com\/gl\/wp-json\/wp\/v2\/media\/60310"}],"wp:attachment":[{"href":"https:\/\/visitacostadamorte.com\/gl\/wp-json\/wp\/v2\/media?parent=63176"}],"wp:term":[{"taxonomy":"concellos-contenido","embeddable":true,"href":"https:\/\/visitacostadamorte.com\/gl\/wp-json\/wp\/v2\/concellos-contenido?post=63176"},{"taxonomy":"categorias-contenido","embeddable":true,"href":"https:\/\/visitacostadamorte.com\/gl\/wp-json\/wp\/v2\/categorias-contenido?post=63176"}],"curies":[{"name":"wp","href":"https:\/\/api.w.org\/{rel}","templated":true}]}}

<p>Este é un deses lugares icónicos e diferentes que vixian as nosas custas.
E non, non é un &#8220;faro&#8221; como o coñecemos.
É un monumento ao Sagrado Corazón de Jesús situado no monte Faro, a 231 metros de altura, na parroquia de San Xián de Brantuas, en Ponteceso.  </p>

<p>Desde este alto, pódese observar a ría de Corme e Laxe e cara ao outro lado Punta Nariga.
Con esa vista, o ceo tamén ofrece un espectáculo digno de ver.
Un bo momento para desfrutar das estrelas aquí é durante as Perseidas, en agosto.  </p>

<p>Este é un deses lugares icónicos e diferentes que vixian as nosas custas. E non, non é un &#8220;faro&#8221; como o coñecemos. É un monumento ao Sagrado Corazón de Jesús situado no monte Faro, a 231 metros de altura, na parroquia de San Xián de Brantuas, en Ponteceso. Desde este alto, pódese observar a ría [&hellip;]</p>
