{"id":63134,"date":"2024-09-16T18:53:48","date_gmt":"2024-09-16T16:53:48","guid":{"rendered":"https:\/\/great-goldberg.213-199-36-195.plesk.page\/post\/fiesta-del-percebe-de-corme"},"modified":"2024-09-17T19:42:21","modified_gmt":"2024-09-17T17:42:21","slug":"fiesta-del-percebe-de-corme","status":"publish","type":"contenido","link":"https:\/\/visitacostadamorte.com\/gl\/post\/fiesta-del-percebe-de-corme","title":{"rendered":"Fiesta del Percebe de Corme"},"content":{"rendered":"\n<p>O percebe \u00e9 un dos produtos m\u00e1is codiciados do mar de Galicia pola s\u00faa intensidade e sabor.\nE, sen d\u00fabida algunha, de entre todos os lugares para a captura deste manxar destaca un: o Roncudo.\nAs\u00ed que, como non pod\u00eda ser doutra maneira, unha festa gastron\u00f3mica dedicada a este manxar s\u00f3 se pod\u00eda celebrar nun lugar: Corme.\nPor isto, cada ano, a vila de Corme eng\u00e1lase para unha degustaci\u00f3n do seu mellor produto e a celebraci\u00f3n dunha gran verbena.   <\/p>\n\n<p>A &#8220;Festa do Percebe&#8221; cel\u00e9brase en Corme o primeiro s\u00e1bado de xullo.<\/p>\n","protected":false},"excerpt":{"rendered":"<p>O percebe \u00e9 un dos produtos m\u00e1is codiciados do mar de Galicia pola s\u00faa intensidade e sabor. E, sen d\u00fabida algunha, de entre todos os lugares para a captura deste manxar destaca un: o Roncudo. As\u00ed que, como non pod\u00eda ser doutra maneira, unha festa gastron\u00f3mica dedicada a este manxar s\u00f3 se pod\u00eda celebrar nun [&hellip;]<\/p>\n","protected":false},"featured_media":41745,"template":"","concellos-contenido":[301],"categorias-contenido":[628],"class_list":["post-63134","contenido","type-contenido","status-publish","has-post-thumbnail","hentry","concellos-contenido-ponteceso-gl","categorias-contenido-festas-gastronomicas"],"_links":{"self":[{"href":"https:\/\/visitacostadamorte.com\/gl\/wp-json\/wp\/v2\/contenido\/63134","targetHints":{"allow":["GET"]}}],"collection":[{"href":"https:\/\/visitacostadamorte.com\/gl\/wp-json\/wp\/v2\/contenido"}],"about":[{"href":"https:\/\/visitacostadamorte.com\/gl\/wp-json\/wp\/v2\/types\/contenido"}],"wp:featuredmedia":[{"embeddable":true,"href":"https:\/\/visitacostadamorte.com\/gl\/wp-json\/wp\/v2\/media\/41745"}],"wp:attachment":[{"href":"https:\/\/visitacostadamorte.com\/gl\/wp-json\/wp\/v2\/media?parent=63134"}],"wp:term":[{"taxonomy":"concellos-contenido","embeddable":true,"href":"https:\/\/visitacostadamorte.com\/gl\/wp-json\/wp\/v2\/concellos-contenido?post=63134"},{"taxonomy":"categorias-contenido","embeddable":true,"href":"https:\/\/visitacostadamorte.com\/gl\/wp-json\/wp\/v2\/categorias-contenido?post=63134"}],"curies":[{"name":"wp","href":"https:\/\/api.w.org\/{rel}","templated":true}]}}

<p>O percebe é un dos produtos máis codiciados do mar de Galicia pola súa intensidade e sabor.
E, sen dúbida algunha, de entre todos os lugares para a captura deste manxar destaca un: o Roncudo.
Así que, como non podía ser doutra maneira, unha festa gastronómica dedicada a este manxar só se podía celebrar nun lugar: Corme.
Por isto, cada ano, a vila de Corme engálase para unha degustación do seu mellor produto e a celebración dunha gran verbena.   </p>

<p>A &#8220;Festa do Percebe&#8221; celébrase en Corme o primeiro sábado de xullo.</p>

<p>O percebe é un dos produtos máis codiciados do mar de Galicia pola súa intensidade e sabor. E, sen dúbida algunha, de entre todos os lugares para a captura deste manxar destaca un: o Roncudo. Así que, como non podía ser doutra maneira, unha festa gastronómica dedicada a este manxar só se podía celebrar nun [&hellip;]</p>
