{"id":64620,"date":"2017-03-10T00:00:00","date_gmt":"2017-03-09T23:00:00","guid":{"rendered":"https:\/\/visitacostadamorte.com\/concellos\/zas"},"modified":"2024-11-29T06:23:21","modified_gmt":"2024-11-29T05:23:21","slug":"zas","status":"publish","type":"concellos","link":"https:\/\/visitacostadamorte.com\/gl\/concellos\/zas","title":{"rendered":"Zas"},"content":{"rendered":"\n<p>Zas \u00e9 terra de construci\u00f3ns palaciegas, como o atesoran os numerosos palacios, entre os que se atopa o primeiro palacio de Galicia, as Torres do Allo.\nXunto cos pazos de Romelle, Follente e as Edreiras forman o percorrido dos pazos. <\/p>\n\n<p>O municipio de Zas est\u00e1 atravesado por varios r\u00edos que forman numerosos saltos de auga e nos que se atopan numerosos molinos.\nPara descubrir esta riqueza, na parroquia de G\u00e1ndara dese\u00f1ouse a ruta PR-G250 Ruta da Auga de Zas. <\/p>\n\n<p>A tradici\u00f3n literaria sit\u00faa en Zas, segundo a obra de Eduardo Pondal, a tumba do valiente Brandomil, un guerreiro celta.\nEste sepulcro non ser\u00eda outro que o dolme de Arca da Piosa, un dos d\u00f3lmenes m\u00e1is monumentais e mellor conservados de Galicia. <\/p>\n\n<p>Brandomil \u00e9 un aut\u00e9ntico museo ao aire libre, porque a localidade est\u00e1 repleta de restos romanos que se poden recoller a simple vista paseando por ela: basas, capiteis, fustes de columnas, altares, estelas funerarias e outros restos romanos.\nNon podemos esquecer a Ponte Vello de Brandomil, a estrada que pasa ao lado e o xacemento arqueol\u00f3xico de Pedra do Altar.\nSon moitas as escavaci\u00f3ns que se realizaron nos \u00faltimos anos e nas que apareceron grandes cantidades de material, cer\u00e1mica sixillata, moedas, etc.  <\/p>\n\n<p>Zas sempre foi terra de tradici\u00f3ns, podemos destacar os tradicionais bocadillos de Santa Margarida con m\u00e1is de 400 anos de historia, o de San Roque do Monte, cuxa confrar\u00eda se creou en 1565 ou o desaparecido San Pedro do Allo.\nTodos eles te\u00f1en en com\u00fan a situaci\u00f3n pr\u00f3xima dunha fonte de auga milagrosa.\nPero se falamos de festas non podemos deixar de nomear a Carballeira de Zas e a Carballeira de Baio.\nA primeira, declarada de Interese Tur\u00edstico de Galicia, \u00e9 unha festa folcl\u00f3rica \u00e1 que acuden cada ano miles de persoas.\nO outro, re\u00fane ano tras ano a amigos e veci\u00f1os nun contorno natural formado por arredor de 300 robles, declarado Formaci\u00f3n Senlleira.    <\/p>\n\n<p>Cabe mencionar tam\u00e9n que, en Zas, at\u00f3pase o miradoiro do Pico de Meda, que con 566 metros de altitude \u00e9 o punto m\u00e1is alto da comarca e desde o que podemos observar todo o valle de Soneira e o horizonte m\u00e1is al\u00e1 das illas Sisargas ata o Monte Pind\u00f3.\nNo podemos olvidar que desde aqu\u00ed tenemos, cada tarde, preciosos atardeceres. <\/p>\n","protected":false},"excerpt":{"rendered":"<p>Zas \u00e9 terra de construci\u00f3ns palaciegas, como o atesoran os numerosos palacios, entre os que se atopa o primeiro palacio de Galicia, as Torres do Allo. Xunto cos pazos de Romelle, Follente e as Edreiras forman o percorrido dos pazos. O municipio de Zas est\u00e1 atravesado por varios r\u00edos que forman numerosos saltos de auga [&hellip;]<\/p>\n","protected":false},"featured_media":14941,"template":"","class_list":["post-64620","concellos","type-concellos","status-publish","has-post-thumbnail","hentry"],"_links":{"self":[{"href":"https:\/\/visitacostadamorte.com\/gl\/wp-json\/wp\/v2\/concellos\/64620","targetHints":{"allow":["GET"]}}],"collection":[{"href":"https:\/\/visitacostadamorte.com\/gl\/wp-json\/wp\/v2\/concellos"}],"about":[{"href":"https:\/\/visitacostadamorte.com\/gl\/wp-json\/wp\/v2\/types\/concellos"}],"version-history":[{"count":0,"href":"https:\/\/visitacostadamorte.com\/gl\/wp-json\/wp\/v2\/concellos\/64620\/revisions"}],"wp:featuredmedia":[{"embeddable":true,"href":"https:\/\/visitacostadamorte.com\/gl\/wp-json\/wp\/v2\/media\/14941"}],"wp:attachment":[{"href":"https:\/\/visitacostadamorte.com\/gl\/wp-json\/wp\/v2\/media?parent=64620"}],"curies":[{"name":"wp","href":"https:\/\/api.w.org\/{rel}","templated":true}]}}

<p>Zas é terra de construcións palaciegas, como o atesoran os numerosos palacios, entre os que se atopa o primeiro palacio de Galicia, as Torres do Allo.
Xunto cos pazos de Romelle, Follente e as Edreiras forman o percorrido dos pazos. </p>

<p>O municipio de Zas está atravesado por varios ríos que forman numerosos saltos de auga e nos que se atopan numerosos molinos.
Para descubrir esta riqueza, na parroquia de Gándara deseñouse a ruta PR-G250 Ruta da Auga de Zas. </p>

<p>A tradición literaria sitúa en Zas, segundo a obra de Eduardo Pondal, a tumba do valiente Brandomil, un guerreiro celta.
Este sepulcro non sería outro que o dolme de Arca da Piosa, un dos dólmenes máis monumentais e mellor conservados de Galicia. </p>

<p>Brandomil é un auténtico museo ao aire libre, porque a localidade está repleta de restos romanos que se poden recoller a simple vista paseando por ela: basas, capiteis, fustes de columnas, altares, estelas funerarias e outros restos romanos.
Non podemos esquecer a Ponte Vello de Brandomil, a estrada que pasa ao lado e o xacemento arqueolóxico de Pedra do Altar.
Son moitas as escavacións que se realizaron nos últimos anos e nas que apareceron grandes cantidades de material, cerámica sixillata, moedas, etc.  </p>

<p>Zas sempre foi terra de tradicións, podemos destacar os tradicionais bocadillos de Santa Margarida con máis de 400 anos de historia, o de San Roque do Monte, cuxa confraría se creou en 1565 ou o desaparecido San Pedro do Allo.
Todos eles teñen en común a situación próxima dunha fonte de auga milagrosa.
Pero se falamos de festas non podemos deixar de nomear a Carballeira de Zas e a Carballeira de Baio.
A primeira, declarada de Interese Turístico de Galicia, é unha festa folclórica á que acuden cada ano miles de persoas.
O outro, reúne ano tras ano a amigos e veciños nun contorno natural formado por arredor de 300 robles, declarado Formación Senlleira.    </p>

<p>Cabe mencionar tamén que, en Zas, atópase o miradoiro do Pico de Meda, que con 566 metros de altitude é o punto máis alto da comarca e desde o que podemos observar todo o valle de Soneira e o horizonte máis alá das illas Sisargas ata o Monte Pindó.
No podemos olvidar que desde aquí tenemos, cada tarde, preciosos atardeceres. </p>

<p>Zas é terra de construcións palaciegas, como o atesoran os numerosos palacios, entre os que se atopa o primeiro palacio de Galicia, as Torres do Allo. Xunto cos pazos de Romelle, Follente e as Edreiras forman o percorrido dos pazos. O municipio de Zas está atravesado por varios ríos que forman numerosos saltos de auga [&hellip;]</p>
