{"id":86507,"date":"2026-08-27T13:50:32","date_gmt":"2026-08-27T11:50:32","guid":{"rendered":"https:\/\/visitacostadamorte.com\/agenda\/cim-mobil-cabana-bergantinos-atencion-asesoramento-acompanamento-2026"},"modified":"2026-08-27T13:50:32","modified_gmt":"2026-08-27T11:50:32","slug":"cim-mobil-cabana-bergantinos-atencion-asesoramento-acompanamento-2026","status":"publish","type":"agenda","link":"https:\/\/visitacostadamorte.com\/gl\/axenda\/cim-mobil-cabana-bergantinos-atencion-asesoramento-acompanamento-2026","title":{"rendered":"CIM M\u00f3bil en Cabana de Berganti\u00f1os: atenci\u00f3n, asesoramento e acompa\u00f1amento"},"featured_media":86505,"template":"","categorias-agenda":[575],"concellos-eventos":[722],"class_list":["post-86507","agenda","type-agenda","status-publish","has-post-thumbnail","hentry","categorias-agenda-varios-gl","concellos-eventos-cabana-de-bergantinos-gl"],"_links":{"self":[{"href":"https:\/\/visitacostadamorte.com\/gl\/wp-json\/wp\/v2\/agenda\/86507","targetHints":{"allow":["GET"]}}],"collection":[{"href":"https:\/\/visitacostadamorte.com\/gl\/wp-json\/wp\/v2\/agenda"}],"about":[{"href":"https:\/\/visitacostadamorte.com\/gl\/wp-json\/wp\/v2\/types\/agenda"}],"version-history":[{"count":0,"href":"https:\/\/visitacostadamorte.com\/gl\/wp-json\/wp\/v2\/agenda\/86507\/revisions"}],"wp:featuredmedia":[{"embeddable":true,"href":"https:\/\/visitacostadamorte.com\/gl\/wp-json\/wp\/v2\/media\/86505"}],"wp:attachment":[{"href":"https:\/\/visitacostadamorte.com\/gl\/wp-json\/wp\/v2\/media?parent=86507"}],"wp:term":[{"taxonomy":"categorias-agenda","embeddable":true,"href":"https:\/\/visitacostadamorte.com\/gl\/wp-json\/wp\/v2\/categorias-agenda?post=86507"},{"taxonomy":"concellos-eventos","embeddable":true,"href":"https:\/\/visitacostadamorte.com\/gl\/wp-json\/wp\/v2\/concellos-eventos?post=86507"}],"curies":[{"name":"wp","href":"https:\/\/api.w.org\/{rel}","templated":true}]}}

CIM Móbil en Cabana de Bergantiños: atención, asesoramento e acompañamento
