{"id":85945,"date":"2026-08-13T22:29:30","date_gmt":"2026-08-13T20:29:30","guid":{"rendered":"https:\/\/visitacostadamorte.com\/agenda\/festas-baio-2026-verbenas-sesion-vermu-setembro"},"modified":"2026-08-13T22:34:49","modified_gmt":"2026-08-13T20:34:49","slug":"festas-baio-2026-verbenas-sesion-vermu-setembro","status":"publish","type":"agenda","link":"https:\/\/visitacostadamorte.com\/gl\/axenda\/festas-baio-2026-verbenas-sesion-vermu-setembro","title":{"rendered":"Festas de Baio 2026: verbenas, sesi\u00f3n verm\u00fa e tradici\u00f3n do 4 ao 6 de setembro"},"featured_media":85943,"template":"","categorias-agenda":[565],"concellos-eventos":[241],"class_list":["post-85945","agenda","type-agenda","status-publish","has-post-thumbnail","hentry","categorias-agenda-festas","concellos-eventos-zas-gl"],"_links":{"self":[{"href":"https:\/\/visitacostadamorte.com\/gl\/wp-json\/wp\/v2\/agenda\/85945","targetHints":{"allow":["GET"]}}],"collection":[{"href":"https:\/\/visitacostadamorte.com\/gl\/wp-json\/wp\/v2\/agenda"}],"about":[{"href":"https:\/\/visitacostadamorte.com\/gl\/wp-json\/wp\/v2\/types\/agenda"}],"version-history":[{"count":1,"href":"https:\/\/visitacostadamorte.com\/gl\/wp-json\/wp\/v2\/agenda\/85945\/revisions"}],"predecessor-version":[{"id":85953,"href":"https:\/\/visitacostadamorte.com\/gl\/wp-json\/wp\/v2\/agenda\/85945\/revisions\/85953"}],"wp:featuredmedia":[{"embeddable":true,"href":"https:\/\/visitacostadamorte.com\/gl\/wp-json\/wp\/v2\/media\/85943"}],"wp:attachment":[{"href":"https:\/\/visitacostadamorte.com\/gl\/wp-json\/wp\/v2\/media?parent=85945"}],"wp:term":[{"taxonomy":"categorias-agenda","embeddable":true,"href":"https:\/\/visitacostadamorte.com\/gl\/wp-json\/wp\/v2\/categorias-agenda?post=85945"},{"taxonomy":"concellos-eventos","embeddable":true,"href":"https:\/\/visitacostadamorte.com\/gl\/wp-json\/wp\/v2\/concellos-eventos?post=85945"}],"curies":[{"name":"wp","href":"https:\/\/api.w.org\/{rel}","templated":true}]}}

Festas de Baio 2026: verbenas, sesión vermú e tradición do 4 ao 6 de setembro
