{"id":85919,"date":"2026-08-13T18:10:54","date_gmt":"2026-08-13T16:10:54","guid":{"rendered":"https:\/\/visitacostadamorte.com\/agenda\/festas-san-roque-2026-corme"},"modified":"2026-08-13T18:10:54","modified_gmt":"2026-08-13T16:10:54","slug":"festas-san-roque-2026-corme","status":"publish","type":"agenda","link":"https:\/\/visitacostadamorte.com\/gl\/axenda\/festas-san-roque-2026-corme","title":{"rendered":"Festas de San Roque 2026 en Corme: catro d\u00edas de m\u00fasica, tradici\u00f3n e verbena"},"featured_media":85915,"template":"","categorias-agenda":[565,567],"concellos-eventos":[236],"class_list":["post-85919","agenda","type-agenda","status-publish","has-post-thumbnail","hentry","categorias-agenda-festas","categorias-agenda-musica-gl","concellos-eventos-ponteceso-gl"],"_links":{"self":[{"href":"https:\/\/visitacostadamorte.com\/gl\/wp-json\/wp\/v2\/agenda\/85919","targetHints":{"allow":["GET"]}}],"collection":[{"href":"https:\/\/visitacostadamorte.com\/gl\/wp-json\/wp\/v2\/agenda"}],"about":[{"href":"https:\/\/visitacostadamorte.com\/gl\/wp-json\/wp\/v2\/types\/agenda"}],"version-history":[{"count":0,"href":"https:\/\/visitacostadamorte.com\/gl\/wp-json\/wp\/v2\/agenda\/85919\/revisions"}],"wp:featuredmedia":[{"embeddable":true,"href":"https:\/\/visitacostadamorte.com\/gl\/wp-json\/wp\/v2\/media\/85915"}],"wp:attachment":[{"href":"https:\/\/visitacostadamorte.com\/gl\/wp-json\/wp\/v2\/media?parent=85919"}],"wp:term":[{"taxonomy":"categorias-agenda","embeddable":true,"href":"https:\/\/visitacostadamorte.com\/gl\/wp-json\/wp\/v2\/categorias-agenda?post=85919"},{"taxonomy":"concellos-eventos","embeddable":true,"href":"https:\/\/visitacostadamorte.com\/gl\/wp-json\/wp\/v2\/concellos-eventos?post=85919"}],"curies":[{"name":"wp","href":"https:\/\/api.w.org\/{rel}","templated":true}]}}

Festas de San Roque 2026 en Corme: catro días de música, tradición e verbena
