{"id":74653,"date":"2025-11-18T10:57:14","date_gmt":"2025-11-18T09:57:14","guid":{"rendered":"https:\/\/visitacostadamorte.com\/?post_type=agenda&#038;p=74653"},"modified":"2025-11-18T10:57:34","modified_gmt":"2025-11-18T09:57:34","slug":"exposicion-fotografica-de-ana-garcia-en-dumbria","status":"publish","type":"agenda","link":"https:\/\/visitacostadamorte.com\/gl\/axenda\/exposicion-fotografica-de-ana-garcia-en-dumbria","title":{"rendered":"Exposici\u00f3n fotogr\u00e1fica de Ana Garc\u00eda en Dumbr\u00eda"},"featured_media":74652,"template":"","categorias-agenda":[561],"concellos-eventos":[224],"class_list":["post-74653","agenda","type-agenda","status-publish","has-post-thumbnail","hentry","categorias-agenda-exposicions","concellos-eventos-dumbria-gl"],"_links":{"self":[{"href":"https:\/\/visitacostadamorte.com\/gl\/wp-json\/wp\/v2\/agenda\/74653","targetHints":{"allow":["GET"]}}],"collection":[{"href":"https:\/\/visitacostadamorte.com\/gl\/wp-json\/wp\/v2\/agenda"}],"about":[{"href":"https:\/\/visitacostadamorte.com\/gl\/wp-json\/wp\/v2\/types\/agenda"}],"version-history":[{"count":1,"href":"https:\/\/visitacostadamorte.com\/gl\/wp-json\/wp\/v2\/agenda\/74653\/revisions"}],"predecessor-version":[{"id":74654,"href":"https:\/\/visitacostadamorte.com\/gl\/wp-json\/wp\/v2\/agenda\/74653\/revisions\/74654"}],"wp:featuredmedia":[{"embeddable":true,"href":"https:\/\/visitacostadamorte.com\/gl\/wp-json\/wp\/v2\/media\/74652"}],"wp:attachment":[{"href":"https:\/\/visitacostadamorte.com\/gl\/wp-json\/wp\/v2\/media?parent=74653"}],"wp:term":[{"taxonomy":"categorias-agenda","embeddable":true,"href":"https:\/\/visitacostadamorte.com\/gl\/wp-json\/wp\/v2\/categorias-agenda?post=74653"},{"taxonomy":"concellos-eventos","embeddable":true,"href":"https:\/\/visitacostadamorte.com\/gl\/wp-json\/wp\/v2\/concellos-eventos?post=74653"}],"curies":[{"name":"wp","href":"https:\/\/api.w.org\/{rel}","templated":true}]}}

Exposición fotográfica de Ana García en Dumbría
