{"id":63485,"date":"2017-08-09T00:00:00","date_gmt":"2017-08-08T22:00:00","guid":{"rendered":"https:\/\/great-goldberg.213-199-36-195.plesk.page\/post\/viewpoint-of-birds-jose-luis-rabunal"},"modified":"2024-09-17T19:54:19","modified_gmt":"2024-09-17T17:54:19","slug":"viewpoint-of-birds-jose-luis-rabunal","status":"publish","type":"contenido","link":"https:\/\/visitacostadamorte.com\/en\/post\/viewpoint-of-birds-jose-luis-rabunal","title":{"rendered":"Jos\u00e9 Lu\u00eds Rabu\u00f1al Bird Viewpoint"},"content":{"rendered":"\n<p>In October 2006, during the celebration of the 1st Congress of Ornithology of the Costa da Morte, the first bird observatory of this coast in the province of A Coru\u00f1a was inaugurated.\nIn this way, the town council of Cabana de Berganti\u00f1os wanted to recognize the more than thirty years that Jos\u00e9 Lu\u00eds Rabu\u00f1al Pati\u00f1o, one of the most important ornithologists in Spain, dedicated to the observation and study of birds in the Insua cove, naming it after him. <\/p>\n\n<p>The Jos\u00e9 Lu\u00eds Rabu\u00f1al Pati\u00f1o Bird Viewpoint, a wooden hut perfectly integrated into the landscape, is located on Urixeira beach.\nInside, informative panels were placed that inform about the migratory routes of the birds that arrive at the estuary, the spaces occupied by the birdlife in it, the rarities that could be observed on some occasion, how to recognize birds or the tools to observe them. <\/p>\n\n<ul class=\"wp-block-list\">\n<li><a href=\"http:\/\/www.concello-cabana.es\/gl\/sendeiros-cabana\" target=\"_blank\" rel=\"noopener\"><\/a><a href=\"http:\/\/www.concello-cabana.es\/gl\/sendeiros-cabana\">Web viewpoint &#8211; Concello de Cabana<\/a><\/li>\n<\/ul>\n\n<p>\ufffd<\/p>\n","protected":false},"excerpt":{"rendered":"<p>In October 2006, during the celebration of the 1st Congress of Ornithology of the Costa da Morte, the first bird observatory of this coast in the province of A Coru\u00f1a was inaugurated. In this way, the town council of Cabana de Berganti\u00f1os wanted to recognize the more than thirty years that Jos\u00e9 Lu\u00eds Rabu\u00f1al Pati\u00f1o, [&hellip;]<\/p>\n","protected":false},"featured_media":13669,"template":"","concellos-contenido":[310],"categorias-contenido":[273],"class_list":["post-63485","contenido","type-contenido","status-publish","has-post-thumbnail","hentry","concellos-contenido-cabana-en","categorias-contenido-miradores-en"],"_links":{"self":[{"href":"https:\/\/visitacostadamorte.com\/en\/wp-json\/wp\/v2\/contenido\/63485","targetHints":{"allow":["GET"]}}],"collection":[{"href":"https:\/\/visitacostadamorte.com\/en\/wp-json\/wp\/v2\/contenido"}],"about":[{"href":"https:\/\/visitacostadamorte.com\/en\/wp-json\/wp\/v2\/types\/contenido"}],"wp:featuredmedia":[{"embeddable":true,"href":"https:\/\/visitacostadamorte.com\/en\/wp-json\/wp\/v2\/media\/13669"}],"wp:attachment":[{"href":"https:\/\/visitacostadamorte.com\/en\/wp-json\/wp\/v2\/media?parent=63485"}],"wp:term":[{"taxonomy":"concellos-contenido","embeddable":true,"href":"https:\/\/visitacostadamorte.com\/en\/wp-json\/wp\/v2\/concellos-contenido?post=63485"},{"taxonomy":"categorias-contenido","embeddable":true,"href":"https:\/\/visitacostadamorte.com\/en\/wp-json\/wp\/v2\/categorias-contenido?post=63485"}],"curies":[{"name":"wp","href":"https:\/\/api.w.org\/{rel}","templated":true}]}}

José Luís Rabuñal Bird Viewpoint

<p>In October 2006, during the celebration of the 1st Congress of Ornithology of the Costa da Morte, the first bird observatory of this coast in the province of A Coruña was inaugurated.
In this way, the town council of Cabana de Bergantiños wanted to recognize the more than thirty years that José Luís Rabuñal Patiño, one of the most important ornithologists in Spain, dedicated to the observation and study of birds in the Insua cove, naming it after him. </p>

<p>The José Luís Rabuñal Patiño Bird Viewpoint, a wooden hut perfectly integrated into the landscape, is located on Urixeira beach.
Inside, informative panels were placed that inform about the migratory routes of the birds that arrive at the estuary, the spaces occupied by the birdlife in it, the rarities that could be observed on some occasion, how to recognize birds or the tools to observe them. </p>

<ul class="wp-block-list">
<li><a href="http://www.concello-cabana.es/gl/sendeiros-cabana" target="_blank" rel="noopener"></a><a href="http://www.concello-cabana.es/gl/sendeiros-cabana">Web viewpoint &#8211; Concello de Cabana</a></li>
</ul>

<p>�</p>

<p>In October 2006, during the celebration of the 1st Congress of Ornithology of the Costa da Morte, the first bird observatory of this coast in the province of A Coruña was inaugurated. In this way, the town council of Cabana de Bergantiños wanted to recognize the more than thirty years that José Luís Rabuñal Patiño, [&hellip;]</p>
