{"id":63435,"date":"2024-08-27T08:40:22","date_gmt":"2024-08-27T06:40:22","guid":{"rendered":"https:\/\/great-goldberg.213-199-36-195.plesk.page\/post\/muxia-montefacho-route"},"modified":"2024-09-17T19:52:23","modified_gmt":"2024-09-17T17:52:23","slug":"muxia-montefacho-route","status":"publish","type":"contenido","link":"https:\/\/visitacostadamorte.com\/en\/post\/muxia-montefacho-route","title":{"rendered":"Mux\u00eda &#8211; Monte Facho Route"},"content":{"rendered":"<p style=\"text-align: justify;\">\n<ul style=\"text-align: justify;\">\n<li class=\"gmail-p1\" style=\"text-align: justify;\"><span style=\"font-family: 'Helvetica Neue',serif; color: black;\">Route: Linear<\/span><\/li>\n<li class=\"gmail-p1\" style=\"text-align: justify;\"><span style=\"font-family: 'Helvetica Neue',serif; color: black;\">Start\/finish point: Port of Mux\u00eda\/ Monte Facho viewpoint<\/span><\/li>\n<li class=\"gmail-p1\" style=\"text-align: justify;\"><span style=\"font-family: 'Helvetica Neue',serif; color: black;\">Length: 11.4 km (round trip)<\/span><\/li>\n<li class=\"gmail-p1\" style=\"text-align: justify;\"><span style=\"font-family: 'Helvetica Neue',serif; color: black;\">Approximate duration: 3 hours<\/span><\/li>\n<li class=\"gmail-p1\" style=\"text-align: justify;\"><span style=\"font-family: 'Helvetica Neue',serif; color: black;\">Difficulty: Moderate<\/span><\/li>\n<\/ul>\n<p class=\"gmail-p3\" style=\"margin: 0cm; margin-bottom: .0001pt; text-align: justify;\"><span style=\"font-family: 'Helvetica Neue',serif; color: black;\"> <\/span><\/p>\n<p class=\"gmail-p1\" style=\"margin: 0cm; margin-bottom: .0001pt; text-align: justify;\"><span style=\"font-family: 'Helvetica Neue',serif; color: black;\">The viewpoints located in the highest areas are one of the favorite places on any route.<br \/>\nIn Mux\u00eda we must ascend to Mount Facho to contemplate one of the most iconic panoramic views of A Costa da Morte. <span class=\"gmail-apple-converted-space\"> <\/span><\/span><\/p>\n<p class=\"gmail-p3\" style=\"margin: 0cm; margin-bottom: .0001pt; text-align: justify;\"><span style=\"font-family: 'Helvetica Neue',serif; color: black;\"> <\/span><\/p>\n<p class=\"gmail-p1\" style=\"margin: 0cm; margin-bottom: .0001pt; text-align: justify;\"><span style=\"font-family: 'Helvetica Neue',serif; color: black;\">The views of the town of Mux\u00eda with the cape and Vil\u00e1n lighthouse in the background are those that will remain in our retina for a long time once we have finished this trip.<\/span><\/p>\n<p class=\"gmail-p3\" style=\"margin: 0cm; margin-bottom: .0001pt; text-align: justify;\"><span style=\"font-family: 'Helvetica Neue',serif; color: black;\"> <\/span><\/p>\n<p class=\"gmail-p1\" style=\"margin: 0cm; margin-bottom: .0001pt; text-align: justify;\"><span style=\"font-family: 'Helvetica Neue',serif; color: black;\">Starting from the centre of Mux\u00eda, we skirt the coast along the Coido das Margaridas and Lourido beach.<br \/>\nAt this point we can see the silhouette of the original and new icon of A Costa da Morte: the Parador de Mux\u00eda. <\/span><\/p>\n<p class=\"gmail-p3\" style=\"margin: 0cm; margin-bottom: .0001pt; text-align: justify;\"><span style=\"font-family: 'Helvetica Neue',serif; color: black;\"> <\/span><\/p>\n<p class=\"gmail-p1\" style=\"margin: 0cm; margin-bottom: .0001pt; text-align: justify;\"><span style=\"font-family: 'Helvetica Neue',serif; color: black;\">We enter the village of Lourido and begin a steep ascent to the top of the mountain.<br \/>\nAt the foot of the ever-present telecommunications antennas we find the viewpoint with a series of benches where we must sit to catch our breath.<br \/>\nThe views are spectacular and it is worth enjoying the moment calmly before starting the descent and returning to the center of Mux\u00eda.  <\/span><\/p>\n<p class=\"gmail-p3\" style=\"margin: 0cm; margin-bottom: .0001pt; text-align: justify;\"><span style=\"font-family: 'Helvetica Neue',serif; color: black;\"> <\/span><\/p>\n<p class=\"gmail-p1\" style=\"margin: 0cm; margin-bottom: .0001pt; text-align: justify;\"><span style=\"font-family: 'Helvetica Neue',serif; color: black;\">This route can be completed with a walk through the streets and port of Mux\u00eda enjoying the local gastronomy and visiting other points of interest.<br \/>\nOf course, one of them is the sanctuary of the Virxe da Barca.<br \/>\nMonument rebuilt after being burned in 2013 and where the mythical Piedra de Abalar was located.  <\/span><\/p>\n<p class=\"gmail-p3\" style=\"margin: 0cm; margin-bottom: .0001pt; text-align: justify;\"><span style=\"font-family: 'Helvetica Neue',serif; color: black;\"> <\/span><\/p>\n<p class=\"gmail-p1\" style=\"margin: 0cm; margin-bottom: .0001pt; text-align: justify;\"><span style=\"font-family: 'Helvetica Neue',serif; color: black;\">During the journey to the sanctuary we can stop at the conger eel drying sheds, which are the only ones in operation in all of Spain, in Coido, ground zero of the Prestige disaster or at the birthplace of Ram\u00f3n Caama\u00f1o, a photographer from Mux\u00eda, who immortalized the life of A Costa da Morte with his camera.<\/span><\/p>\n<p class=\"gmail-p3\" style=\"margin: 0cm; margin-bottom: .0001pt; text-align: justify;\"><span style=\"font-family: 'Helvetica Neue',serif; color: black;\"> <\/span><\/p>\n<p class=\"gmail-p1\" style=\"margin: 0cm; margin-bottom: .0001pt; text-align: justify;\"><span style=\"font-family: 'Helvetica Neue',serif; color: black;\">A visit to a town that combines heritage jewels, a seafaring atmosphere, the Camino de Santiago and new icons of contemporary art and architecture such as the aforementioned Parador, the murals and the also iconic monolith of &#8220;A Ferida&#8221;.<\/span><\/p>\n<p class=\"gmail-p1\" style=\"margin: 0cm; margin-bottom: .0001pt; text-align: justify;\">\n<p class=\"gmail-p1\" style=\"margin: 0cm; margin-bottom: .0001pt; text-align: justify;\">\n<h5 class=\"gmail-p1\" style=\"margin: 0cm; margin-bottom: .0001pt; text-align: justify;\"><span style=\"font-family: 'Helvetica Neue',serif; color: black;\"><i class=\"fa fa-blind\"><\/i> <a href=\"https:\/\/es.wikiloc.com\/rutas-senderismo\/ruta-muxia-monte-facho-61213551\" target=\"_blank\" rel=\"noopener\">Access to the route in our wikiloc profile<\/a><\/span><\/h5>\n<p style=\"text-align: justify;\">\n<p style=\"text-align: justify;\"><span style=\"font-family: 'Helvetica Neue',serif; color: black;\"><iframe src=\"https:\/\/es.wikiloc.com\/wikiloc\/spatialArtifacts.do?event=view&amp;id=61213551&amp;measures=off&amp;title=off&amp;near=off&amp;images=off&amp;maptype=H\" width=\"500\" height=\"400\" frameborder=\"0\" scrolling=\"no\" data-mce-fragment=\"1\"><\/iframe><\/span><\/p>\n<div style=\"color: #777777; font-size: 11px; line-height: 16px; text-align: justify;\"> <\/div>\n","protected":false},"excerpt":{"rendered":"<p>Route: Linear Start\/finish point: Port of Mux\u00eda\/ Monte Facho viewpoint Length: 11.4 km (round trip) Approximate duration: 3 hours Difficulty: Moderate The viewpoints located in the highest areas are one of the favorite places on any route. In Mux\u00eda we must ascend to Mount Facho to contemplate one of the most iconic panoramic views of [&hellip;]<\/p>\n","protected":false},"featured_media":18817,"template":"","concellos-contenido":[326],"categorias-contenido":[269],"class_list":["post-63435","contenido","type-contenido","status-publish","has-post-thumbnail","hentry","concellos-contenido-muxia-en","categorias-contenido-roads-and-trails"],"_links":{"self":[{"href":"https:\/\/visitacostadamorte.com\/en\/wp-json\/wp\/v2\/contenido\/63435","targetHints":{"allow":["GET"]}}],"collection":[{"href":"https:\/\/visitacostadamorte.com\/en\/wp-json\/wp\/v2\/contenido"}],"about":[{"href":"https:\/\/visitacostadamorte.com\/en\/wp-json\/wp\/v2\/types\/contenido"}],"wp:featuredmedia":[{"embeddable":true,"href":"https:\/\/visitacostadamorte.com\/en\/wp-json\/wp\/v2\/media\/18817"}],"wp:attachment":[{"href":"https:\/\/visitacostadamorte.com\/en\/wp-json\/wp\/v2\/media?parent=63435"}],"wp:term":[{"taxonomy":"concellos-contenido","embeddable":true,"href":"https:\/\/visitacostadamorte.com\/en\/wp-json\/wp\/v2\/concellos-contenido?post=63435"},{"taxonomy":"categorias-contenido","embeddable":true,"href":"https:\/\/visitacostadamorte.com\/en\/wp-json\/wp\/v2\/categorias-contenido?post=63435"}],"curies":[{"name":"wp","href":"https:\/\/api.w.org\/{rel}","templated":true}]}}

Muxía &#8211; Monte Facho Route

<p style="text-align: justify;">
<ul style="text-align: justify;">
<li class="gmail-p1" style="text-align: justify;"><span style="font-family: 'Helvetica Neue',serif; color: black;">Route: Linear</span></li>
<li class="gmail-p1" style="text-align: justify;"><span style="font-family: 'Helvetica Neue',serif; color: black;">Start/finish point: Port of Muxía/ Monte Facho viewpoint</span></li>
<li class="gmail-p1" style="text-align: justify;"><span style="font-family: 'Helvetica Neue',serif; color: black;">Length: 11.4 km (round trip)</span></li>
<li class="gmail-p1" style="text-align: justify;"><span style="font-family: 'Helvetica Neue',serif; color: black;">Approximate duration: 3 hours</span></li>
<li class="gmail-p1" style="text-align: justify;"><span style="font-family: 'Helvetica Neue',serif; color: black;">Difficulty: Moderate</span></li>
</ul>
<p class="gmail-p3" style="margin: 0cm; margin-bottom: .0001pt; text-align: justify;"><span style="font-family: 'Helvetica Neue',serif; color: black;"> </span></p>
<p class="gmail-p1" style="margin: 0cm; margin-bottom: .0001pt; text-align: justify;"><span style="font-family: 'Helvetica Neue',serif; color: black;">The viewpoints located in the highest areas are one of the favorite places on any route.<br />
In Muxía we must ascend to Mount Facho to contemplate one of the most iconic panoramic views of A Costa da Morte. <span class="gmail-apple-converted-space"> </span></span></p>
<p class="gmail-p3" style="margin: 0cm; margin-bottom: .0001pt; text-align: justify;"><span style="font-family: 'Helvetica Neue',serif; color: black;"> </span></p>
<p class="gmail-p1" style="margin: 0cm; margin-bottom: .0001pt; text-align: justify;"><span style="font-family: 'Helvetica Neue',serif; color: black;">The views of the town of Muxía with the cape and Vilán lighthouse in the background are those that will remain in our retina for a long time once we have finished this trip.</span></p>
<p class="gmail-p3" style="margin: 0cm; margin-bottom: .0001pt; text-align: justify;"><span style="font-family: 'Helvetica Neue',serif; color: black;"> </span></p>
<p class="gmail-p1" style="margin: 0cm; margin-bottom: .0001pt; text-align: justify;"><span style="font-family: 'Helvetica Neue',serif; color: black;">Starting from the centre of Muxía, we skirt the coast along the Coido das Margaridas and Lourido beach.<br />
At this point we can see the silhouette of the original and new icon of A Costa da Morte: the Parador de Muxía. </span></p>
<p class="gmail-p3" style="margin: 0cm; margin-bottom: .0001pt; text-align: justify;"><span style="font-family: 'Helvetica Neue',serif; color: black;"> </span></p>
<p class="gmail-p1" style="margin: 0cm; margin-bottom: .0001pt; text-align: justify;"><span style="font-family: 'Helvetica Neue',serif; color: black;">We enter the village of Lourido and begin a steep ascent to the top of the mountain.<br />
At the foot of the ever-present telecommunications antennas we find the viewpoint with a series of benches where we must sit to catch our breath.<br />
The views are spectacular and it is worth enjoying the moment calmly before starting the descent and returning to the center of Muxía.  </span></p>
<p class="gmail-p3" style="margin: 0cm; margin-bottom: .0001pt; text-align: justify;"><span style="font-family: 'Helvetica Neue',serif; color: black;"> </span></p>
<p class="gmail-p1" style="margin: 0cm; margin-bottom: .0001pt; text-align: justify;"><span style="font-family: 'Helvetica Neue',serif; color: black;">This route can be completed with a walk through the streets and port of Muxía enjoying the local gastronomy and visiting other points of interest.<br />
Of course, one of them is the sanctuary of the Virxe da Barca.<br />
Monument rebuilt after being burned in 2013 and where the mythical Piedra de Abalar was located.  </span></p>
<p class="gmail-p3" style="margin: 0cm; margin-bottom: .0001pt; text-align: justify;"><span style="font-family: 'Helvetica Neue',serif; color: black;"> </span></p>
<p class="gmail-p1" style="margin: 0cm; margin-bottom: .0001pt; text-align: justify;"><span style="font-family: 'Helvetica Neue',serif; color: black;">During the journey to the sanctuary we can stop at the conger eel drying sheds, which are the only ones in operation in all of Spain, in Coido, ground zero of the Prestige disaster or at the birthplace of Ramón Caamaño, a photographer from Muxía, who immortalized the life of A Costa da Morte with his camera.</span></p>
<p class="gmail-p3" style="margin: 0cm; margin-bottom: .0001pt; text-align: justify;"><span style="font-family: 'Helvetica Neue',serif; color: black;"> </span></p>
<p class="gmail-p1" style="margin: 0cm; margin-bottom: .0001pt; text-align: justify;"><span style="font-family: 'Helvetica Neue',serif; color: black;">A visit to a town that combines heritage jewels, a seafaring atmosphere, the Camino de Santiago and new icons of contemporary art and architecture such as the aforementioned Parador, the murals and the also iconic monolith of &#8220;A Ferida&#8221;.</span></p>
<p class="gmail-p1" style="margin: 0cm; margin-bottom: .0001pt; text-align: justify;">
<p class="gmail-p1" style="margin: 0cm; margin-bottom: .0001pt; text-align: justify;">
<h5 class="gmail-p1" style="margin: 0cm; margin-bottom: .0001pt; text-align: justify;"><span style="font-family: 'Helvetica Neue',serif; color: black;"><i class="fa fa-blind"></i> <a href="https://es.wikiloc.com/rutas-senderismo/ruta-muxia-monte-facho-61213551" target="_blank" rel="noopener">Access to the route in our wikiloc profile</a></span></h5>
<p style="text-align: justify;">
<p style="text-align: justify;"><span style="font-family: 'Helvetica Neue',serif; color: black;"><iframe src="https://es.wikiloc.com/wikiloc/spatialArtifacts.do?event=view&amp;id=61213551&amp;measures=off&amp;title=off&amp;near=off&amp;images=off&amp;maptype=H" width="500" height="400" frameborder="0" scrolling="no" data-mce-fragment="1"></iframe></span></p>
<div style="color: #777777; font-size: 11px; line-height: 16px; text-align: justify;"> </div>

<p>Route: Linear Start/finish point: Port of Muxía/ Monte Facho viewpoint Length: 11.4 km (round trip) Approximate duration: 3 hours Difficulty: Moderate The viewpoints located in the highest areas are one of the favorite places on any route. In Muxía we must ascend to Mount Facho to contemplate one of the most iconic panoramic views of [&hellip;]</p>
