{"id":64602,"date":"2017-05-10T00:00:00","date_gmt":"2017-05-09T22:00:00","guid":{"rendered":"https:\/\/visitacostadamorte.com\/concellos\/cabana-de-bergantinos"},"modified":"2024-11-29T06:13:06","modified_gmt":"2024-11-29T05:13:06","slug":"cabana-de-bergantinos","status":"publish","type":"concellos","link":"https:\/\/visitacostadamorte.com\/en\/concellos\/cabana-de-bergantinos","title":{"rendered":"Cabana de Berganti\u00f1os"},"content":{"rendered":"\n<p>Made up of 10 parishes, the municipality of Cabana de Berganti\u00f1os is located in the western part of the province of A Coru\u00f1a, in the Autonomous Community of Galicia. This charming coastal village, about 300 meters above sea level, offers a unique combination of nature and Galician tradition. <\/p>\n\n<p>With a population of approximately 5,050 inhabitants and an area of around 101 km\u00b2, Cabana de Berganti\u00f1os is organized into the parishes of Anos, Borneiro, Canduas, Cesullas, Corcoesto, Cund\u00edns, O Esto, Nant\u00f3n, Riob\u00f3 and A Silvarredonda. Each of these parishes retains the authentic Galician rural charm, offering visitors the opportunity to discover unique corners and enjoy a landscape full of history and natural beauty. <\/p>\n\n<p>Ideal for those looking to disconnect and live an authentic experience, Cabana de Berganti\u00f1os is a perfect destination to delve into the cultural and natural wealth of the Costa da Morte.<\/p>\n","protected":false},"excerpt":{"rendered":"<p>Made up of 10 parishes, the municipality of Cabana de Berganti\u00f1os is located in the western part of the province of A Coru\u00f1a, in the Autonomous Community of Galicia. This charming coastal village, about 300 meters above sea level, offers a unique combination of nature and Galician tradition. With a population of approximately 5,050 inhabitants [&hellip;]<\/p>\n","protected":false},"featured_media":14924,"template":"","class_list":["post-64602","concellos","type-concellos","status-publish","has-post-thumbnail","hentry"],"_links":{"self":[{"href":"https:\/\/visitacostadamorte.com\/en\/wp-json\/wp\/v2\/concellos\/64602","targetHints":{"allow":["GET"]}}],"collection":[{"href":"https:\/\/visitacostadamorte.com\/en\/wp-json\/wp\/v2\/concellos"}],"about":[{"href":"https:\/\/visitacostadamorte.com\/en\/wp-json\/wp\/v2\/types\/concellos"}],"version-history":[{"count":0,"href":"https:\/\/visitacostadamorte.com\/en\/wp-json\/wp\/v2\/concellos\/64602\/revisions"}],"wp:featuredmedia":[{"embeddable":true,"href":"https:\/\/visitacostadamorte.com\/en\/wp-json\/wp\/v2\/media\/14924"}],"wp:attachment":[{"href":"https:\/\/visitacostadamorte.com\/en\/wp-json\/wp\/v2\/media?parent=64602"}],"curies":[{"name":"wp","href":"https:\/\/api.w.org\/{rel}","templated":true}]}}

Cabana de Bergantiños

<p>Made up of 10 parishes, the municipality of Cabana de Bergantiños is located in the western part of the province of A Coruña, in the Autonomous Community of Galicia. This charming coastal village, about 300 meters above sea level, offers a unique combination of nature and Galician tradition. </p>

<p>With a population of approximately 5,050 inhabitants and an area of around 101 km², Cabana de Bergantiños is organized into the parishes of Anos, Borneiro, Canduas, Cesullas, Corcoesto, Cundíns, O Esto, Nantón, Riobó and A Silvarredonda. Each of these parishes retains the authentic Galician rural charm, offering visitors the opportunity to discover unique corners and enjoy a landscape full of history and natural beauty. </p>

<p>Ideal for those looking to disconnect and live an authentic experience, Cabana de Bergantiños is a perfect destination to delve into the cultural and natural wealth of the Costa da Morte.</p>

<p>Made up of 10 parishes, the municipality of Cabana de Bergantiños is located in the western part of the province of A Coruña, in the Autonomous Community of Galicia. This charming coastal village, about 300 meters above sea level, offers a unique combination of nature and Galician tradition. With a population of approximately 5,050 inhabitants [&hellip;]</p>
